Last updated on 2025-02-19 16:50:43 CET.
Flavor | Version | Tinstall | Tcheck | Ttotal | Status | Flags |
---|---|---|---|---|---|---|
r-devel-linux-x86_64-debian-clang | 2.3-62 | 5.06 | 29.45 | 34.51 | OK | |
r-devel-linux-x86_64-debian-gcc | 2.3-62 | 3.72 | 22.20 | 25.92 | OK | |
r-devel-linux-x86_64-fedora-clang | 2.3-62 | 54.33 | OK | |||
r-devel-linux-x86_64-fedora-gcc | 2.3-62 | 52.24 | OK | |||
r-devel-macos-arm64 | 2.3-62 | 20.00 | OK | |||
r-devel-macos-x86_64 | 2.3-62 | 35.00 | OK | |||
r-devel-windows-x86_64 | 2.3-62 | 8.00 | 54.00 | 62.00 | OK | |
r-patched-linux-x86_64 | 2.3-62 | 4.13 | 27.95 | 32.08 | OK | |
r-release-linux-x86_64 | 2.3-62 | 4.28 | 27.63 | 31.91 | OK | |
r-release-macos-arm64 | 2.3-62 | 25.00 | OK | |||
r-release-macos-x86_64 | 2.3-62 | 73.00 | OK | |||
r-release-windows-x86_64 | 2.3-62 | 9.00 | 3.00 | 12.00 | FAIL | |
r-oldrel-macos-arm64 | 2.3-62 | 38.00 | OK | |||
r-oldrel-macos-x86_64 | 2.3-62 | 67.00 | OK | |||
r-oldrel-windows-x86_64 | 2.3-62 | 9.00 | 52.00 | 61.00 | OK |
Version: 2.3-62
Check: package dependencies
Result: FAIL
Flavor: r-release-windows-x86_64
These binaries (installable software) and packages are in development.
They may not be fully stable and should be used with caution. We make no claims about them.