Last updated on 2025-10-23 11:50:09 CEST.
Flavor | Version | Tinstall | Tcheck | Ttotal | Status | Flags |
---|---|---|---|---|---|---|
r-devel-linux-x86_64-debian-clang | 0.3 | 5.17 | 70.24 | 75.41 | OK | |
r-devel-linux-x86_64-debian-gcc | 0.3 | 3.52 | 48.18 | 51.70 | OK | |
r-devel-linux-x86_64-fedora-clang | 0.3 | 93.41 | NOTE | |||
r-devel-linux-x86_64-fedora-gcc | 0.3 | 121.63 | NOTE | |||
r-devel-windows-x86_64 | 0.3 | 6.00 | 87.00 | 93.00 | OK | |
r-patched-linux-x86_64 | 0.3 | 4.55 | 65.70 | 70.25 | OK | |
r-release-linux-x86_64 | 0.3 | 4.83 | 65.29 | 70.12 | OK | |
r-release-macos-arm64 | 0.3 | 2.00 | 36.00 | 38.00 | OK | |
r-release-macos-x86_64 | 0.3 | 4.00 | 71.00 | 75.00 | OK | |
r-release-windows-x86_64 | 0.3 | 9.00 | 87.00 | 96.00 | OK | |
r-oldrel-macos-arm64 | 0.3 | 2.00 | 40.00 | 42.00 | OK | |
r-oldrel-macos-x86_64 | 0.3 | 3.00 | 52.00 | 55.00 | OK | |
r-oldrel-windows-x86_64 | 0.3 | 8.00 | 109.00 | 117.00 | OK |
Version: 0.3
Check: dependencies in R code
Result: NOTE
Namespaces in Imports field not imported from:
‘DT’ ‘dplyr’ ‘prettydoc’ ‘rmdformats’ ‘skimr’
All declared Imports should be used.
Flavors: r-devel-linux-x86_64-fedora-clang, r-devel-linux-x86_64-fedora-gcc
These binaries (installable software) and packages are in development.
They may not be fully stable and should be used with caution. We make no claims about them.