Last updated on 2025-05-01 12:49:24 CEST.
Flavor | Version | Tinstall | Tcheck | Ttotal | Status | Flags |
---|---|---|---|---|---|---|
r-devel-linux-x86_64-debian-clang | 0.3 | 4.64 | 58.72 | 63.36 | OK | |
r-devel-linux-x86_64-debian-gcc | 0.3 | 3.43 | 42.36 | 45.79 | OK | |
r-devel-linux-x86_64-fedora-clang | 0.3 | 102.60 | NOTE | |||
r-devel-linux-x86_64-fedora-gcc | 0.3 | 103.46 | NOTE | |||
r-devel-windows-x86_64 | 0.3 | 7.00 | 79.00 | 86.00 | OK | |
r-patched-linux-x86_64 | 0.3 | 5.78 | 55.30 | 61.08 | OK | |
r-release-linux-x86_64 | OK | |||||
r-release-macos-arm64 | 0.3 | 38.00 | OK | |||
r-release-macos-x86_64 | 0.3 | 75.00 | OK | |||
r-release-windows-x86_64 | 0.3 | 8.00 | 82.00 | 90.00 | OK | |
r-oldrel-macos-arm64 | 0.3 | 42.00 | OK | |||
r-oldrel-macos-x86_64 | 0.3 | 55.00 | OK | |||
r-oldrel-windows-x86_64 | 0.3 | 8.00 | 98.00 | 106.00 | OK |
Version: 0.3
Check: dependencies in R code
Result: NOTE
Namespaces in Imports field not imported from:
‘DT’ ‘dplyr’ ‘prettydoc’ ‘rmdformats’ ‘skimr’
All declared Imports should be used.
Flavors: r-devel-linux-x86_64-fedora-clang, r-devel-linux-x86_64-fedora-gcc
These binaries (installable software) and packages are in development.
They may not be fully stable and should be used with caution. We make no claims about them.