CRAN Package Check Results for Package chunked

Last updated on 2025-05-21 23:48:39 CEST.

Flavor Version Tinstall Tcheck Ttotal Status Flags
r-devel-linux-x86_64-debian-clang 0.6.0 4.25 41.36 45.61 NOTE
r-devel-linux-x86_64-debian-gcc 0.6.0 2.48 28.79 31.27 NOTE
r-devel-linux-x86_64-fedora-clang 0.6.0 69.11 OK
r-devel-linux-x86_64-fedora-gcc 0.6.0 64.11 OK
r-devel-windows-x86_64 0.6.0 5.00 65.00 70.00 NOTE
r-patched-linux-x86_64 0.6.0 4.22 37.36 41.58 NOTE
r-release-linux-x86_64 0.6.0 3.90 36.70 40.60 NOTE
r-release-macos-arm64 0.6.0 41.00 OK
r-release-macos-x86_64 0.6.0 39.00 OK
r-release-windows-x86_64 0.6.0 6.00 63.00 69.00 NOTE
r-oldrel-macos-arm64 0.6.0 23.00 OK
r-oldrel-macos-x86_64 0.6.0 34.00 OK
r-oldrel-windows-x86_64 0.6.0 7.00 66.00 73.00 OK

Check Details

Version: 0.6.0
Check: Rd cross-references
Result: NOTE Found the following Rd file(s) with Rd \link{} targets missing package anchors: insert_chunkwise_into.Rd: tbl Please provide package anchors for all Rd \link{} targets not in the package itself and the base packages. Flavors: r-devel-linux-x86_64-debian-clang, r-devel-linux-x86_64-debian-gcc, r-devel-windows-x86_64, r-patched-linux-x86_64, r-release-linux-x86_64, r-release-windows-x86_64

These binaries (installable software) and packages are in development.
They may not be fully stable and should be used with caution. We make no claims about them.