Last updated on 2025-02-02 16:49:03 CET.
Flavor | Version | Tinstall | Tcheck | Ttotal | Status | Flags |
---|---|---|---|---|---|---|
r-devel-linux-x86_64-debian-clang | 0.6.0 | 3.66 | 39.55 | 43.21 | NOTE | |
r-devel-linux-x86_64-debian-gcc | 0.6.0 | 3.04 | 28.57 | 31.61 | NOTE | |
r-devel-linux-x86_64-fedora-clang | 0.6.0 | 73.91 | OK | |||
r-devel-linux-x86_64-fedora-gcc | 0.6.0 | 64.61 | OK | |||
r-devel-windows-x86_64 | 0.6.0 | 6.00 | 56.00 | 62.00 | NOTE | |
r-patched-linux-x86_64 | 0.6.0 | 7.19 | 36.09 | 43.28 | OK | |
r-release-linux-x86_64 | 0.6.0 | 4.35 | 36.84 | 41.19 | OK | |
r-release-macos-arm64 | 0.6.0 | 23.00 | OK | |||
r-release-macos-x86_64 | 0.6.0 | 34.00 | OK | |||
r-release-windows-x86_64 | 0.6.0 | 6.00 | 57.00 | 63.00 | OK | |
r-oldrel-macos-arm64 | 0.6.0 | 24.00 | OK | |||
r-oldrel-macos-x86_64 | 0.6.0 | 38.00 | OK | |||
r-oldrel-windows-x86_64 | 0.6.0 | 8.00 | 62.00 | 70.00 | OK |
Version: 0.6.0
Check: Rd cross-references
Result: NOTE
Found the following Rd file(s) with Rd \link{} targets missing package
anchors:
insert_chunkwise_into.Rd: tbl
Please provide package anchors for all Rd \link{} targets not in the
package itself and the base packages.
Flavors: r-devel-linux-x86_64-debian-clang, r-devel-linux-x86_64-debian-gcc, r-devel-windows-x86_64
These binaries (installable software) and packages are in development.
They may not be fully stable and should be used with caution. We make no claims about them.