CRAN Package Check Results for Package chunkhooks

Last updated on 2025-05-01 15:49:27 CEST.

Flavor Version Tinstall Tcheck Ttotal Status Flags
r-devel-linux-x86_64-debian-clang 0.0.1 1.75 27.27 29.02 OK
r-devel-linux-x86_64-debian-gcc 0.0.1 1.44 22.39 23.83 OK
r-devel-linux-x86_64-fedora-clang 0.0.1 45.44 OK
r-devel-linux-x86_64-fedora-gcc 0.0.1 57.73 OK
r-devel-windows-x86_64 0.0.1 2.00 54.00 56.00 OK
r-patched-linux-x86_64 0.0.1 1.79 25.42 27.21 OK
r-release-linux-x86_64 OK
r-release-macos-arm64 0.0.1 37.00 OK
r-release-macos-x86_64 0.0.1 49.00 OK
r-release-windows-x86_64 0.0.1 3.00 56.00 59.00 OK
r-oldrel-macos-arm64 0.0.1 27.00 NOTE
r-oldrel-macos-x86_64 0.0.1 37.00 NOTE
r-oldrel-windows-x86_64 0.0.1 4.00 51.00 55.00 NOTE

Check Details

Version: 0.0.1
Check: LazyData
Result: NOTE 'LazyData' is specified without a 'data' directory Flavors: r-oldrel-macos-arm64, r-oldrel-macos-x86_64, r-oldrel-windows-x86_64

These binaries (installable software) and packages are in development.
They may not be fully stable and should be used with caution. We make no claims about them.