Last updated on 2025-05-08 04:52:01 CEST.
Flavor | Version | Tinstall | Tcheck | Ttotal | Status | Flags |
---|---|---|---|---|---|---|
r-devel-linux-x86_64-debian-clang | 0.6.1 | 12.95 | 270.97 | 283.92 | OK | |
r-devel-linux-x86_64-debian-gcc | 0.6.1 | 8.59 | 185.54 | 194.13 | OK | |
r-devel-linux-x86_64-fedora-clang | 0.6.1 | 456.48 | OK | |||
r-devel-linux-x86_64-fedora-gcc | 0.6.1 | 433.46 | OK | |||
r-devel-windows-x86_64 | 0.6.1 | 14.00 | 236.00 | 250.00 | OK | |
r-patched-linux-x86_64 | 0.6.1 | 12.00 | 258.95 | 270.95 | OK | |
r-release-linux-x86_64 | 0.6.1 | 13.34 | 259.73 | 273.07 | OK | |
r-release-macos-arm64 | 0.6.1 | 226.00 | OK | |||
r-release-macos-x86_64 | 0.6.1 | 241.00 | OK | |||
r-release-windows-x86_64 | 0.6.1 | 13.00 | 236.00 | 249.00 | OK | |
r-oldrel-macos-arm64 | 0.6.1 | 119.00 | NOTE | |||
r-oldrel-macos-x86_64 | 0.6.1 | 169.00 | NOTE | |||
r-oldrel-windows-x86_64 | 0.6.1 | 19.00 | 302.00 | 321.00 | NOTE |
Version: 0.6.1
Check: LazyData
Result: NOTE
'LazyData' is specified without a 'data' directory
Flavors: r-oldrel-macos-arm64, r-oldrel-macos-x86_64, r-oldrel-windows-x86_64
These binaries (installable software) and packages are in development.
They may not be fully stable and should be used with caution. We make no claims about them.