Last updated on 2025-07-27 07:49:29 CEST.
Flavor | Version | Tinstall | Tcheck | Ttotal | Status | Flags |
---|---|---|---|---|---|---|
r-devel-linux-x86_64-debian-clang | 0.6.1 | 12.64 | 273.29 | 285.93 | OK | |
r-devel-linux-x86_64-debian-gcc | 0.6.1 | 8.77 | 184.86 | 193.63 | OK | |
r-devel-linux-x86_64-fedora-clang | 0.6.1 | 432.14 | OK | |||
r-devel-linux-x86_64-fedora-gcc | 0.6.1 | 428.22 | OK | |||
r-devel-windows-x86_64 | 0.6.1 | 14.00 | 246.00 | 260.00 | OK | |
r-patched-linux-x86_64 | 0.6.1 | 12.47 | 257.73 | 270.20 | OK | |
r-release-linux-x86_64 | 0.6.1 | 10.16 | 261.09 | 271.25 | OK | |
r-release-macos-arm64 | 0.6.1 | 226.00 | OK | |||
r-release-macos-x86_64 | 0.6.1 | 241.00 | OK | |||
r-release-windows-x86_64 | 0.6.1 | 13.00 | 232.00 | 245.00 | OK | |
r-oldrel-macos-arm64 | 0.6.1 | 119.00 | NOTE | |||
r-oldrel-macos-x86_64 | 0.6.1 | 169.00 | NOTE | |||
r-oldrel-windows-x86_64 | 0.6.1 | 17.00 | 315.00 | 332.00 | NOTE |
Version: 0.6.1
Check: LazyData
Result: NOTE
'LazyData' is specified without a 'data' directory
Flavors: r-oldrel-macos-arm64, r-oldrel-macos-x86_64, r-oldrel-windows-x86_64
These binaries (installable software) and packages are in development.
They may not be fully stable and should be used with caution. We make no claims about them.