CRAN Package Check Results for Package cifti

Last updated on 2025-10-23 11:50:09 CEST.

Flavor Version Tinstall Tcheck Ttotal Status Flags
r-devel-linux-x86_64-debian-clang 0.4.5 5.75 57.71 63.46 OK
r-devel-linux-x86_64-debian-gcc 0.4.5 4.07 43.73 47.80 OK
r-devel-linux-x86_64-fedora-clang 0.4.5 76.85 OK
r-devel-linux-x86_64-fedora-gcc 0.4.5 13.00 92.13 105.13 OK
r-devel-windows-x86_64 0.4.5 7.00 181.00 188.00 OK
r-patched-linux-x86_64 0.4.5 5.79 54.25 60.04 OK
r-release-linux-x86_64 0.4.5 4.61 54.40 59.01 OK
r-release-macos-arm64 0.4.5 2.00 41.00 43.00 OK
r-release-macos-x86_64 0.4.5 4.00 65.00 69.00 OK
r-release-windows-x86_64 0.4.5 7.00 73.00 80.00 OK
r-oldrel-macos-arm64 0.4.5 3.00 34.00 37.00 NOTE
r-oldrel-macos-x86_64 0.4.5 4.00 50.00 54.00 NOTE
r-oldrel-windows-x86_64 0.4.5 9.00 86.00 95.00 NOTE

Check Details

Version: 0.4.5
Check: LazyData
Result: NOTE 'LazyData' is specified without a 'data' directory Flavors: r-oldrel-macos-arm64, r-oldrel-macos-x86_64, r-oldrel-windows-x86_64

These binaries (installable software) and packages are in development.
They may not be fully stable and should be used with caution. We make no claims about them.