CRAN Package Check Results for Package cifti

Last updated on 2025-11-12 18:50:29 CET.

Flavor Version Tinstall Tcheck Ttotal Status Flags
r-devel-linux-x86_64-debian-clang 0.4.5 5.71 57.45 63.16 OK
r-devel-linux-x86_64-debian-gcc 0.4.5 4.74 43.18 47.92 OK
r-devel-linux-x86_64-fedora-clang 0.4.5 12.00 83.43 95.43 OK
r-devel-linux-x86_64-fedora-gcc 0.4.5 12.00 92.48 104.48 OK
r-devel-windows-x86_64 0.4.5 8.00 70.00 78.00 OK
r-patched-linux-x86_64 0.4.5 5.40 54.57 59.97 OK
r-release-linux-x86_64 0.4.5 5.72 54.28 60.00 OK
r-release-macos-arm64 0.4.5 2.00 41.00 43.00 OK
r-release-macos-x86_64 0.4.5 4.00 65.00 69.00 OK
r-release-windows-x86_64 0.4.5 7.00 69.00 76.00 OK
r-oldrel-macos-arm64 0.4.5 3.00 34.00 37.00 NOTE
r-oldrel-macos-x86_64 0.4.5 4.00 50.00 54.00 NOTE
r-oldrel-windows-x86_64 0.4.5 9.00 84.00 93.00 NOTE

Check Details

Version: 0.4.5
Check: LazyData
Result: NOTE 'LazyData' is specified without a 'data' directory Flavors: r-oldrel-macos-arm64, r-oldrel-macos-x86_64, r-oldrel-windows-x86_64

These binaries (installable software) and packages are in development.
They may not be fully stable and should be used with caution. We make no claims about them.