CRAN Package Check Results for Package cifti

Last updated on 2025-02-16 10:50:43 CET.

Flavor Version Tinstall Tcheck Ttotal Status Flags
r-devel-linux-x86_64-debian-clang 0.4.5 5.62 54.08 59.70 OK
r-devel-linux-x86_64-debian-gcc 0.4.5 4.65 40.27 44.92 OK
r-devel-linux-x86_64-fedora-clang 0.4.5 101.99 OK
r-devel-linux-x86_64-fedora-gcc 0.4.5 103.86 OK
r-devel-macos-arm64 0.4.5 39.00 OK
r-devel-macos-x86_64 0.4.5 69.00 OK
r-devel-windows-x86_64 0.4.5 6.00 71.00 77.00 OK
r-patched-linux-x86_64 0.4.5 6.25 51.21 57.46 NOTE
r-release-linux-x86_64 0.4.5 5.58 51.10 56.68 NOTE
r-release-macos-arm64 0.4.5 37.00 NOTE
r-release-macos-x86_64 0.4.5 54.00 NOTE
r-release-windows-x86_64 0.4.5 7.00 73.00 80.00 NOTE
r-oldrel-macos-arm64 0.4.5 34.00 NOTE
r-oldrel-macos-x86_64 0.4.5 51.00 NOTE
r-oldrel-windows-x86_64 0.4.5 9.00 79.00 88.00 NOTE

Check Details

Version: 0.4.5
Check: LazyData
Result: NOTE 'LazyData' is specified without a 'data' directory Flavors: r-patched-linux-x86_64, r-release-linux-x86_64, r-release-macos-arm64, r-release-macos-x86_64, r-release-windows-x86_64, r-oldrel-macos-arm64, r-oldrel-macos-x86_64, r-oldrel-windows-x86_64

These binaries (installable software) and packages are in development.
They may not be fully stable and should be used with caution. We make no claims about them.