Last updated on 2024-07-27 15:50:13 CEST.
Flavor | Version | Tinstall | Tcheck | Ttotal | Status | Flags |
---|---|---|---|---|---|---|
r-devel-linux-x86_64-debian-clang | 0.15.1 | 22.59 | 140.05 | 162.64 | OK | |
r-devel-linux-x86_64-debian-gcc | 0.15.1 | OK | ||||
r-devel-linux-x86_64-fedora-clang | 0.15.1 | 168.81 | NOTE | |||
r-devel-linux-x86_64-fedora-gcc | 0.15.1 | 197.18 | OK | |||
r-devel-windows-x86_64 | 0.15.1 | 23.00 | 130.00 | 153.00 | NOTE | |
r-patched-linux-x86_64 | 0.15.1 | OK | ||||
r-release-linux-x86_64 | 0.15.1 | 20.53 | 132.25 | 152.78 | OK | |
r-release-macos-arm64 | 0.15.1 | 58.00 | NOTE | |||
r-release-macos-x86_64 | 0.15.1 | 143.00 | NOTE | |||
r-release-windows-x86_64 | 0.15.1 | 22.00 | 127.00 | 149.00 | NOTE | |
r-oldrel-macos-arm64 | 0.15.1 | 62.00 | NOTE | |||
r-oldrel-macos-x86_64 | 0.15.1 | 101.00 | NOTE | |||
r-oldrel-windows-x86_64 | 0.15.1 | 28.00 | 152.00 | 180.00 | NOTE |
Version: 0.15.1
Check: installed package size
Result: NOTE
installed size is 6.7Mb
sub-directories of 1Mb or more:
R 1.8Mb
extdata 4.3Mb
Flavors: r-devel-linux-x86_64-fedora-clang, r-devel-windows-x86_64, r-release-macos-arm64, r-release-macos-x86_64, r-release-windows-x86_64, r-oldrel-macos-arm64, r-oldrel-macos-x86_64, r-oldrel-windows-x86_64
These binaries (installable software) and packages are in development.
They may not be fully stable and should be used with caution. We make no claims about them.