CRAN Package Check Results for Package ciftiTools

Last updated on 2025-07-25 00:49:20 CEST.

Flavor Version Tinstall Tcheck Ttotal Status Flags
r-devel-linux-x86_64-debian-clang 0.17.4 18.33 162.39 180.72 OK
r-devel-linux-x86_64-debian-gcc 0.17.4 11.76 102.72 114.48 OK
r-devel-linux-x86_64-fedora-clang 0.17.4 291.02 OK
r-devel-linux-x86_64-fedora-gcc 0.17.4 292.76 OK
r-devel-windows-x86_64 0.17.4 24.00 170.00 194.00 OK
r-patched-linux-x86_64 0.17.4 25.01 149.35 174.36 OK
r-release-linux-x86_64 0.17.4 17.23 148.69 165.92 OK
r-release-macos-arm64 0.17.4 176.00 OK
r-release-macos-x86_64 0.17.4 207.00 OK
r-release-windows-x86_64 0.17.4 25.00 175.00 200.00 OK
r-oldrel-macos-arm64 0.17.4 130.00 NOTE
r-oldrel-macos-x86_64 0.17.4 215.00 NOTE
r-oldrel-windows-x86_64 0.17.4 30.00 216.00 246.00 NOTE

Check Details

Version: 0.17.4
Check: installed package size
Result: NOTE installed size is 8.2Mb sub-directories of 1Mb or more: R 2.8Mb extdata 4.3Mb Flavors: r-oldrel-macos-arm64, r-oldrel-macos-x86_64, r-oldrel-windows-x86_64

These binaries (installable software) and packages are in development.
They may not be fully stable and should be used with caution. We make no claims about them.