Last updated on 2025-05-01 12:49:24 CEST.
Flavor | Version | Tinstall | Tcheck | Ttotal | Status | Flags |
---|---|---|---|---|---|---|
r-devel-linux-x86_64-debian-clang | 0.17.4 | 20.47 | 160.09 | 180.56 | OK | |
r-devel-linux-x86_64-debian-gcc | 0.17.4 | 13.43 | 104.83 | 118.26 | OK | |
r-devel-linux-x86_64-fedora-clang | 0.17.4 | 309.51 | OK | |||
r-devel-linux-x86_64-fedora-gcc | 0.17.4 | 308.38 | OK | |||
r-devel-windows-x86_64 | 0.17.4 | 24.00 | 171.00 | 195.00 | OK | |
r-patched-linux-x86_64 | 0.17.4 | 22.20 | 147.91 | 170.11 | OK | |
r-release-linux-x86_64 | OK | |||||
r-release-macos-arm64 | 0.17.4 | 176.00 | OK | |||
r-release-macos-x86_64 | 0.17.4 | 207.00 | OK | |||
r-release-windows-x86_64 | 0.17.4 | 24.00 | 175.00 | 199.00 | OK | |
r-oldrel-macos-arm64 | 0.17.4 | 130.00 | NOTE | |||
r-oldrel-macos-x86_64 | 0.17.4 | 215.00 | NOTE | |||
r-oldrel-windows-x86_64 | 0.17.4 | 29.00 | 217.00 | 246.00 | NOTE |
Version: 0.17.4
Check: installed package size
Result: NOTE
installed size is 8.2Mb
sub-directories of 1Mb or more:
R 2.8Mb
extdata 4.3Mb
Flavors: r-oldrel-macos-arm64, r-oldrel-macos-x86_64, r-oldrel-windows-x86_64
These binaries (installable software) and packages are in development.
They may not be fully stable and should be used with caution. We make no claims about them.