Last updated on 2024-07-27 15:50:13 CEST.
Flavor | Version | Tinstall | Tcheck | Ttotal | Status | Flags |
---|---|---|---|---|---|---|
r-devel-linux-x86_64-debian-clang | 0.4-1 | 6.47 | 55.10 | 61.57 | NOTE | |
r-devel-linux-x86_64-debian-gcc | 0.4-1 | NOTE | ||||
r-devel-linux-x86_64-fedora-clang | 0.4-1 | 78.06 | NOTE | |||
r-devel-linux-x86_64-fedora-gcc | 0.4-1 | 84.89 | NOTE | |||
r-devel-windows-x86_64 | 0.4-1 | 8.00 | 64.00 | 72.00 | NOTE | |
r-patched-linux-x86_64 | 0.4-1 | NOTE | ||||
r-release-linux-x86_64 | 0.4-1 | 3.60 | 52.25 | 55.85 | NOTE | |
r-release-macos-arm64 | 0.4-1 | 39.00 | NOTE | |||
r-release-macos-x86_64 | 0.4-1 | 46.00 | NOTE | |||
r-release-windows-x86_64 | 0.4-1 | 6.00 | 62.00 | 68.00 | NOTE | |
r-oldrel-macos-arm64 | 0.4-1 | 33.00 | NOTE | |||
r-oldrel-macos-x86_64 | 0.4-1 | 43.00 | NOTE | |||
r-oldrel-windows-x86_64 | 0.4-1 | 8.00 | 69.00 | 77.00 | NOTE |
Version: 0.4-1
Check: LazyData
Result: NOTE
'LazyData' is specified without a 'data' directory
Flavors: r-devel-linux-x86_64-debian-clang, r-devel-linux-x86_64-debian-gcc, r-devel-linux-x86_64-fedora-clang, r-devel-linux-x86_64-fedora-gcc, r-devel-windows-x86_64, r-patched-linux-x86_64, r-release-linux-x86_64, r-release-macos-arm64, r-release-macos-x86_64, r-release-windows-x86_64, r-oldrel-macos-arm64, r-oldrel-macos-x86_64, r-oldrel-windows-x86_64
These binaries (installable software) and packages are in development.
They may not be fully stable and should be used with caution. We make no claims about them.