CRAN Package Check Results for Package cimir

Last updated on 2025-11-13 17:50:29 CET.

Flavor Version Tinstall Tcheck Ttotal Status Flags
r-devel-linux-x86_64-debian-clang 0.4-1 4.83 46.47 51.30 OK
r-devel-linux-x86_64-debian-gcc 0.4-1 3.53 34.74 38.27 OK
r-devel-linux-x86_64-fedora-clang 0.4-1 12.00 66.66 78.66 OK
r-devel-linux-x86_64-fedora-gcc 0.4-1 89.11 OK
r-devel-windows-x86_64 0.4-1 6.00 62.00 68.00 OK
r-patched-linux-x86_64 0.4-1 4.95 42.55 47.50 OK
r-release-linux-x86_64 0.4-1 3.18 42.65 45.83 OK
r-release-macos-arm64 0.4-1 2.00 28.00 30.00 OK
r-release-macos-x86_64 0.4-1 4.00 58.00 62.00 OK
r-release-windows-x86_64 0.4-1 8.00 61.00 69.00 OK
r-oldrel-macos-arm64 0.4-1 2.00 37.00 39.00 NOTE
r-oldrel-macos-x86_64 0.4-1 3.00 43.00 46.00 NOTE
r-oldrel-windows-x86_64 0.4-1 9.00 73.00 82.00 NOTE

Check Details

Version: 0.4-1
Check: LazyData
Result: NOTE 'LazyData' is specified without a 'data' directory Flavors: r-oldrel-macos-arm64, r-oldrel-macos-x86_64, r-oldrel-windows-x86_64

These binaries (installable software) and packages are in development.
They may not be fully stable and should be used with caution. We make no claims about them.