CRAN Package Check Results for Package cinaR

Last updated on 2025-07-26 03:49:46 CEST.

Flavor Version Tinstall Tcheck Ttotal Status Flags
r-devel-linux-x86_64-debian-clang 0.2.3 5.44 127.76 133.20 OK
r-devel-linux-x86_64-debian-gcc 0.2.3 4.05 94.69 98.74 OK
r-devel-linux-x86_64-fedora-clang 0.2.3 200.76 OK
r-devel-linux-x86_64-fedora-gcc 0.2.3 210.66 OK
r-devel-windows-x86_64 0.2.3 9.00 138.00 147.00 OK
r-patched-linux-x86_64 0.2.3 5.48 122.14 127.62 OK
r-release-linux-x86_64 0.2.3 5.35 120.78 126.13 OK
r-release-macos-arm64 0.2.3 5.00 ERROR
r-release-macos-x86_64 0.2.3 6.00 ERROR
r-release-windows-x86_64 0.2.3 9.00 128.00 137.00 OK
r-oldrel-macos-arm64 0.2.3 9.00 ERROR
r-oldrel-macos-x86_64 0.2.3 12.00 ERROR
r-oldrel-windows-x86_64 0.2.3 10.00 166.00 176.00 OK

Check Details

Version: 0.2.3
Check: package dependencies
Result: ERROR Packages required but not available: 'ChIPseeker', 'TxDb.Hsapiens.UCSC.hg38.knownGene', 'TxDb.Hsapiens.UCSC.hg19.knownGene', 'TxDb.Mmusculus.UCSC.mm10.knownGene' See section ‘The DESCRIPTION file’ in the ‘Writing R Extensions’ manual. Flavors: r-release-macos-arm64, r-release-macos-x86_64, r-oldrel-macos-x86_64

Version: 0.2.3
Check: package dependencies
Result: ERROR Packages required but not available: 'TxDb.Hsapiens.UCSC.hg38.knownGene', 'TxDb.Hsapiens.UCSC.hg19.knownGene', 'TxDb.Mmusculus.UCSC.mm10.knownGene' See section ‘The DESCRIPTION file’ in the ‘Writing R Extensions’ manual. Flavor: r-oldrel-macos-arm64

These binaries (installable software) and packages are in development.
They may not be fully stable and should be used with caution. We make no claims about them.