CRAN Package Check Results for Package circlus

Last updated on 2025-05-21 21:49:12 CEST.

Flavor Version Tinstall Tcheck Ttotal Status Flags
r-devel-linux-x86_64-debian-clang 0.0.2 47.62 90.19 137.81 OK
r-devel-linux-x86_64-debian-gcc 0.0.2 31.42 67.65 99.07 OK
r-devel-linux-x86_64-fedora-clang 0.0.2 245.34 OK
r-devel-linux-x86_64-fedora-gcc 0.0.2 235.03 OK
r-devel-windows-x86_64 0.0.2 58.00 140.00 198.00 OK
r-patched-linux-x86_64 0.0.2 44.59 87.33 131.92 OK
r-release-linux-x86_64 0.0.2 46.69 86.46 133.15 OK
r-release-macos-arm64 0.0.2 59.00 OK
r-release-macos-x86_64 0.0.2 84.00 OK
r-release-windows-x86_64 0.0.2 58.00 138.00 196.00 OK
r-oldrel-macos-arm64 0.0.2 53.00 NOTE
r-oldrel-macos-x86_64 0.0.2 124.00 NOTE
r-oldrel-windows-x86_64 0.0.2 63.00 152.00 215.00 OK

Check Details

Version: 0.0.2
Check: installed package size
Result: NOTE installed size is 5.8Mb sub-directories of 1Mb or more: data 2.8Mb libs 2.8Mb Flavors: r-oldrel-macos-arm64, r-oldrel-macos-x86_64

These binaries (installable software) and packages are in development.
They may not be fully stable and should be used with caution. We make no claims about them.