CRAN Package Check Results for Package circularEV

Last updated on 2025-05-08 04:52:01 CEST.

Flavor Version Tinstall Tcheck Ttotal Status Flags
r-devel-linux-x86_64-debian-clang 0.1.1 10.04 165.46 175.50 NOTE
r-devel-linux-x86_64-debian-gcc 0.1.1 7.23 113.48 120.71 NOTE
r-devel-linux-x86_64-fedora-clang 0.1.1 278.86 OK
r-devel-linux-x86_64-fedora-gcc 0.1.1 280.42 OK
r-devel-windows-x86_64 0.1.1 12.00 203.00 215.00 OK
r-patched-linux-x86_64 0.1.1 10.40 150.93 161.33 OK
r-release-linux-x86_64 0.1.1 10.05 153.31 163.36 OK
r-release-macos-arm64 0.1.1 171.00 OK
r-release-macos-x86_64 0.1.1 293.00 OK
r-release-windows-x86_64 0.1.1 12.00 194.00 206.00 OK
r-oldrel-macos-arm64 0.1.1 172.00 NOTE
r-oldrel-macos-x86_64 0.1.1 172.00 NOTE
r-oldrel-windows-x86_64 0.1.1 15.00 241.00 256.00 NOTE

Additional issues

donttest

Check Details

Version: 0.1.1
Check: CRAN incoming feasibility
Result: NOTE Maintainer: ‘Evandro Konzen <circularev.r@gmail.com>’ No Authors@R field in DESCRIPTION. Please add one, modifying Authors@R: person(given = "Evandro", family = "Konzen", role = c("aut", "cre"), email = "circularev.r@gmail.com") as necessary. Flavors: r-devel-linux-x86_64-debian-clang, r-devel-linux-x86_64-debian-gcc

Version: 0.1.1
Check: installed package size
Result: NOTE installed size is 7.5Mb sub-directories of 1Mb or more: doc 7.2Mb Flavors: r-oldrel-macos-arm64, r-oldrel-macos-x86_64, r-oldrel-windows-x86_64

These binaries (installable software) and packages are in development.
They may not be fully stable and should be used with caution. We make no claims about them.