Last updated on 2025-10-23 11:50:09 CEST.
Flavor | Version | Tinstall | Tcheck | Ttotal | Status | Flags |
---|---|---|---|---|---|---|
r-devel-linux-x86_64-debian-clang | 0.0.4 | 12.65 | 95.64 | 108.29 | NOTE | |
r-devel-linux-x86_64-debian-gcc | 0.0.4 | 8.06 | 66.35 | 74.41 | NOTE | |
r-devel-linux-x86_64-fedora-clang | 0.0.4 | 68.00 | 111.59 | 179.59 | NOTE | |
r-devel-linux-x86_64-fedora-gcc | 0.0.4 | 59.00 | 109.74 | 168.74 | NOTE | |
r-devel-windows-x86_64 | 0.0.4 | 14.00 | 94.00 | 108.00 | OK | |
r-patched-linux-x86_64 | 0.0.4 | 12.14 | 89.02 | 101.16 | OK | |
r-release-linux-x86_64 | 0.0.4 | 11.79 | 89.18 | 100.97 | OK | |
r-release-macos-arm64 | 0.0.4 | 5.00 | 37.00 | 42.00 | OK | |
r-release-macos-x86_64 | 0.0.4 | 9.00 | 64.00 | 73.00 | OK | |
r-release-windows-x86_64 | 0.0.4 | 13.00 | 92.00 | 105.00 | OK | |
r-oldrel-macos-arm64 | 0.0.4 | 5.00 | 36.00 | 41.00 | OK | |
r-oldrel-macos-x86_64 | 0.0.4 | 7.00 | 56.00 | 63.00 | OK | |
r-oldrel-windows-x86_64 | 0.0.4 | 19.00 | 124.00 | 143.00 | OK |
Version: 0.0.4
Check: CRAN incoming feasibility
Result: NOTE
Maintainer: ‘Neal Haddaway <nealhaddaway@gmail.com>’
Package CITATION file contains call(s) to old-style citEntry(). Please
use bibentry() instead.
Flavors: r-devel-linux-x86_64-debian-clang, r-devel-linux-x86_64-debian-gcc
Version: 0.0.4
Check: dependencies in R code
Result: NOTE
Namespace in Imports field not imported from: ‘networkD3’
All declared Imports should be used.
Flavors: r-devel-linux-x86_64-fedora-clang, r-devel-linux-x86_64-fedora-gcc
These binaries (installable software) and packages are in development.
They may not be fully stable and should be used with caution. We make no claims about them.