CRAN Package Check Results for Package ciuupi2

Last updated on 2025-05-01 15:49:27 CEST.

Flavor Version Tinstall Tcheck Ttotal Status Flags
r-devel-linux-x86_64-debian-clang 1.0.1 2.66 30.91 33.57 OK
r-devel-linux-x86_64-debian-gcc 1.0.1 1.89 23.64 25.53 OK
r-devel-linux-x86_64-fedora-clang 1.0.1 56.22 OK
r-devel-linux-x86_64-fedora-gcc 1.0.1 64.20 OK
r-devel-windows-x86_64 1.0.1 3.00 62.00 65.00 OK
r-patched-linux-x86_64 1.0.1 1.92 28.56 30.48 OK
r-release-linux-x86_64 OK
r-release-macos-arm64 1.0.1 30.00 OK
r-release-macos-x86_64 1.0.1 50.00 OK
r-release-windows-x86_64 1.0.1 4.00 64.00 68.00 OK
r-oldrel-macos-arm64 1.0.1 25.00 NOTE
r-oldrel-macos-x86_64 1.0.1 39.00 NOTE
r-oldrel-windows-x86_64 1.0.1 3.00 56.00 59.00 NOTE

Check Details

Version: 1.0.1
Check: LazyData
Result: NOTE 'LazyData' is specified without a 'data' directory Flavors: r-oldrel-macos-arm64, r-oldrel-macos-x86_64, r-oldrel-windows-x86_64

These binaries (installable software) and packages are in development.
They may not be fully stable and should be used with caution. We make no claims about them.