Last updated on 2025-11-14 21:49:55 CET.
| Flavor | Version | Tinstall | Tcheck | Ttotal | Status | Flags |
|---|---|---|---|---|---|---|
| r-devel-linux-x86_64-debian-clang | 1.0.1 | 2.33 | 33.06 | 35.39 | OK | |
| r-devel-linux-x86_64-debian-gcc | 1.0.1 | 1.85 | 25.54 | 27.39 | OK | |
| r-devel-linux-x86_64-fedora-clang | 1.0.1 | 53.89 | OK | |||
| r-devel-linux-x86_64-fedora-gcc | 1.0.1 | 64.05 | OK | |||
| r-devel-windows-x86_64 | 1.0.1 | 6.00 | 56.00 | 62.00 | OK | |
| r-patched-linux-x86_64 | 1.0.1 | 2.65 | 30.73 | 33.38 | OK | |
| r-release-linux-x86_64 | 1.0.1 | 2.66 | 30.89 | 33.55 | OK | |
| r-release-macos-arm64 | 1.0.1 | 2.00 | 28.00 | 30.00 | OK | |
| r-release-macos-x86_64 | 1.0.1 | 2.00 | 48.00 | 50.00 | OK | |
| r-release-windows-x86_64 | 1.0.1 | 5.00 | 55.00 | 60.00 | OK | |
| r-oldrel-macos-arm64 | 1.0.1 | 1.00 | 24.00 | 25.00 | NOTE | |
| r-oldrel-macos-x86_64 | 1.0.1 | 2.00 | 37.00 | 39.00 | NOTE | |
| r-oldrel-windows-x86_64 | 1.0.1 | 6.00 | 61.00 | 67.00 | NOTE |
Version: 1.0.1
Check: LazyData
Result: NOTE
'LazyData' is specified without a 'data' directory
Flavors: r-oldrel-macos-arm64, r-oldrel-macos-x86_64, r-oldrel-windows-x86_64
These binaries (installable software) and packages are in development.
They may not be fully stable and should be used with caution. We make no claims about them.