CRAN Package Check Results for Package ciuupi2

Last updated on 2025-07-03 03:49:37 CEST.

Flavor Version Tinstall Tcheck Ttotal Status Flags
r-devel-linux-x86_64-debian-clang 1.0.1 2.43 32.01 34.44 OK
r-devel-linux-x86_64-debian-gcc 1.0.1 1.76 24.18 25.94 OK
r-devel-linux-x86_64-fedora-clang 1.0.1 53.72 OK
r-devel-linux-x86_64-fedora-gcc 1.0.1 64.18 OK
r-devel-windows-x86_64 1.0.1 3.00 56.00 59.00 OK
r-patched-linux-x86_64 1.0.1 2.48 29.18 31.66 OK
r-release-linux-x86_64 1.0.1 1.77 28.99 30.76 OK
r-release-macos-arm64 1.0.1 30.00 OK
r-release-macos-x86_64 1.0.1 50.00 OK
r-release-windows-x86_64 1.0.1 5.00 56.00 61.00 OK
r-oldrel-macos-arm64 1.0.1 25.00 NOTE
r-oldrel-macos-x86_64 1.0.1 39.00 NOTE
r-oldrel-windows-x86_64 1.0.1 4.00 61.00 65.00 NOTE

Check Details

Version: 1.0.1
Check: LazyData
Result: NOTE 'LazyData' is specified without a 'data' directory Flavors: r-oldrel-macos-arm64, r-oldrel-macos-x86_64, r-oldrel-windows-x86_64

These binaries (installable software) and packages are in development.
They may not be fully stable and should be used with caution. We make no claims about them.