Last updated on 2025-10-23 21:51:23 CEST.
| Flavor | Version | Tinstall | Tcheck | Ttotal | Status | Flags |
|---|---|---|---|---|---|---|
| r-devel-linux-x86_64-debian-clang | 1.0.1 | 2.38 | 33.55 | 35.93 | OK | |
| r-devel-linux-x86_64-debian-gcc | 1.0.1 | 1.85 | 25.07 | 26.92 | OK | |
| r-devel-linux-x86_64-fedora-clang | 1.0.1 | 19.00 | 35.40 | 54.40 | OK | |
| r-devel-linux-x86_64-fedora-gcc | 1.0.1 | 65.67 | OK | |||
| r-devel-windows-x86_64 | 1.0.1 | 4.00 | 55.00 | 59.00 | OK | |
| r-patched-linux-x86_64 | 1.0.1 | 2.00 | 30.82 | 32.82 | OK | |
| r-release-linux-x86_64 | 1.0.1 | 2.50 | 31.04 | 33.54 | OK | |
| r-release-macos-arm64 | 1.0.1 | 2.00 | 28.00 | 30.00 | OK | |
| r-release-macos-x86_64 | 1.0.1 | 2.00 | 48.00 | 50.00 | OK | |
| r-release-windows-x86_64 | 1.0.1 | 5.00 | 58.00 | 63.00 | OK | |
| r-oldrel-macos-arm64 | 1.0.1 | 1.00 | 24.00 | 25.00 | NOTE | |
| r-oldrel-macos-x86_64 | 1.0.1 | 2.00 | 37.00 | 39.00 | NOTE | |
| r-oldrel-windows-x86_64 | 1.0.1 | 5.00 | 65.00 | 70.00 | NOTE |
Version: 1.0.1
Check: LazyData
Result: NOTE
'LazyData' is specified without a 'data' directory
Flavors: r-oldrel-macos-arm64, r-oldrel-macos-x86_64, r-oldrel-windows-x86_64
These binaries (installable software) and packages are in development.
They may not be fully stable and should be used with caution. We make no claims about them.