CRAN Package Check Results for Package civ

Last updated on 2025-10-23 17:50:44 CEST.

Flavor Version Tinstall Tcheck Ttotal Status Flags
r-devel-linux-x86_64-debian-clang 0.1.0 1.77 29.94 31.71 NOTE
r-devel-linux-x86_64-debian-gcc 0.1.0 1.37 24.02 25.39 NOTE
r-devel-linux-x86_64-fedora-clang 0.1.0 46.20 OK
r-devel-linux-x86_64-fedora-gcc 0.1.0 59.39 OK
r-devel-windows-x86_64 0.1.0 4.00 46.00 50.00 OK
r-patched-linux-x86_64 0.1.0 1.77 27.77 29.54 OK
r-release-linux-x86_64 0.1.0 1.74 27.85 29.59 OK
r-release-macos-arm64 0.1.0 1.00 24.00 25.00 OK
r-release-macos-x86_64 0.1.0 2.00 39.00 41.00 OK
r-release-windows-x86_64 0.1.0 4.00 50.00 54.00 OK
r-oldrel-macos-arm64 0.1.0 1.00 25.00 26.00 OK
r-oldrel-macos-x86_64 0.1.0 1.00 34.00 35.00 OK
r-oldrel-windows-x86_64 0.1.0 5.00 55.00 60.00 OK

Check Details

Version: 0.1.0
Check: CRAN incoming feasibility
Result: NOTE Maintainer: ‘Thomas Wiemann <wiemann@uchicago.edu>’ The Description field contains proposed by Wiemann (2023) <arXiv:2311.17021>. CIV allows for optimal Please refer to arXiv e-prints via their arXiv DOI <doi:10.48550/arXiv.YYMM.NNNNN>. Flavors: r-devel-linux-x86_64-debian-clang, r-devel-linux-x86_64-debian-gcc

These binaries (installable software) and packages are in development.
They may not be fully stable and should be used with caution. We make no claims about them.