CRAN Package Check Results for Package civ

Last updated on 2025-05-08 04:52:01 CEST.

Flavor Version Tinstall Tcheck Ttotal Status Flags
r-devel-linux-x86_64-debian-clang 0.1.0 1.68 28.61 30.29 NOTE
r-devel-linux-x86_64-debian-gcc 0.1.0 1.41 22.96 24.37 NOTE
r-devel-linux-x86_64-fedora-clang 0.1.0 49.10 OK
r-devel-linux-x86_64-fedora-gcc 0.1.0 58.71 OK
r-devel-windows-x86_64 0.1.0 4.00 49.00 53.00 OK
r-patched-linux-x86_64 0.1.0 1.67 26.61 28.28 OK
r-release-linux-x86_64 0.1.0 1.85 26.47 28.32 OK
r-release-macos-arm64 0.1.0 25.00 OK
r-release-macos-x86_64 0.1.0 41.00 OK
r-release-windows-x86_64 0.1.0 4.00 48.00 52.00 OK
r-oldrel-macos-arm64 0.1.0 26.00 OK
r-oldrel-macos-x86_64 0.1.0 35.00 OK
r-oldrel-windows-x86_64 0.1.0 4.00 54.00 58.00 OK

Check Details

Version: 0.1.0
Check: CRAN incoming feasibility
Result: NOTE Maintainer: ‘Thomas Wiemann <wiemann@uchicago.edu>’ The Description field contains proposed by Wiemann (2023) <arXiv:2311.17021>. CIV allows for optimal Please refer to arXiv e-prints via their arXiv DOI <doi:10.48550/arXiv.YYMM.NNNNN>. Flavors: r-devel-linux-x86_64-debian-clang, r-devel-linux-x86_64-debian-gcc

These binaries (installable software) and packages are in development.
They may not be fully stable and should be used with caution. We make no claims about them.