CRAN Package Check Results for Package civis

Last updated on 2025-10-23 15:49:49 CEST.

Flavor Version Tinstall Tcheck Ttotal Status Flags
r-devel-linux-x86_64-debian-clang 3.1.3 28.17 279.54 307.71 NOTE
r-devel-linux-x86_64-debian-gcc 3.1.3 15.04 178.35 193.39 OK
r-devel-linux-x86_64-fedora-clang 3.1.3 53.00 330.59 383.59 OK
r-devel-linux-x86_64-fedora-gcc 3.1.3 56.00 379.31 435.31 OK
r-devel-windows-x86_64 3.1.3 44.00 386.00 430.00 OK
r-patched-linux-x86_64 3.1.3 42.74 258.03 300.77 OK
r-release-linux-x86_64 3.1.3 22.10 259.38 281.48 OK
r-release-macos-arm64 3.1.3 18.00 101.00 119.00 OK
r-release-macos-x86_64 3.1.3 26.00 217.00 243.00 OK
r-release-windows-x86_64 3.1.3 45.00 380.00 425.00 OK
r-oldrel-macos-arm64 3.1.3 13.00 99.00 112.00 NOTE
r-oldrel-macos-x86_64 3.1.3 30.00 212.00 242.00 NOTE
r-oldrel-windows-x86_64 3.1.3 54.00 448.00 502.00 OK

Check Details

Version: 3.1.3
Check: HTML version of manual
Result: NOTE Found the following HTML validation problems: cancel.html:50:1 (cancel.Rd:12): Warning: missing </ul> before </div> multipart_upload.html:58:1 (multipart_upload.Rd:16): Warning: missing </ul> before </div> resolved.html:50:1 (resolved.Rd:12): Warning: missing </ul> before </div> sql.html:46:1 (sql.Rd:10): Warning: missing </ul> before </div> write_chunks.html:50:1 (write_chunks.Rd:12): Warning: missing </ul> before </div> Flavor: r-devel-linux-x86_64-debian-clang

Version: 3.1.3
Check: installed package size
Result: NOTE installed size is 5.1Mb sub-directories of 1Mb or more: R 2.1Mb help 2.3Mb Flavors: r-oldrel-macos-arm64, r-oldrel-macos-x86_64

These binaries (installable software) and packages are in development.
They may not be fully stable and should be used with caution. We make no claims about them.