CRAN Package Check Results for Package cjoint

Last updated on 2025-07-02 01:51:33 CEST.

Flavor Version Tinstall Tcheck Ttotal Status Flags
r-devel-linux-x86_64-debian-clang 2.1.1 15.95 136.68 152.63 NOTE
r-devel-linux-x86_64-debian-gcc 2.1.1 10.60 94.10 104.70 NOTE
r-devel-linux-x86_64-fedora-clang 2.1.1 234.65 OK
r-devel-linux-x86_64-fedora-gcc 2.1.1 217.47 OK
r-devel-windows-x86_64 2.1.1 16.00 139.00 155.00 OK
r-patched-linux-x86_64 OK
r-release-linux-x86_64 2.1.1 13.47 124.46 137.93 OK
r-release-macos-arm64 2.1.1 98.00 OK
r-release-macos-x86_64 2.1.1 131.00 OK
r-release-windows-x86_64 2.1.1 17.00 136.00 153.00 OK
r-oldrel-macos-arm64 2.1.1 63.00 OK
r-oldrel-macos-x86_64 2.1.1 109.00 OK
r-oldrel-windows-x86_64 2.1.1 22.00 176.00 198.00 OK

Check Details

Version: 2.1.1
Check: CRAN incoming feasibility
Result: NOTE Maintainer: ‘Anton Strezhnev <astrezhnev@uchicago.edu>’ No Authors@R field in DESCRIPTION. Please add one, modifying Authors@R: c(person(given = "Soubhik", family = "Barari", role = "aut"), person(given = "Elissa", family = "Berwick", role = "aut"), person(given = "Jens", family = "Hainmueller", role = "aut"), person(given = "Daniel", family = "Hopkins", role = "aut"), person(given = "Sean", family = "Liu", role = "aut"), person(given = "Anton", family = "Strezhnev", role = c("aut", "cre"), email = "astrezhnev@uchicago.edu"), person(given = "Teppei", family = "Yamamoto", role = "aut")) as necessary. Flavors: r-devel-linux-x86_64-debian-clang, r-devel-linux-x86_64-debian-gcc

These binaries (installable software) and packages are in development.
They may not be fully stable and should be used with caution. We make no claims about them.