Last updated on 2025-02-16 10:50:43 CET.
Flavor | Version | Tinstall | Tcheck | Ttotal | Status | Flags |
---|---|---|---|---|---|---|
r-devel-linux-x86_64-debian-clang | 0.1.0 | 3.87 | 32.70 | 36.57 | NOTE | |
r-devel-linux-x86_64-debian-gcc | 0.1.0 | 2.72 | 24.03 | 26.75 | NOTE | |
r-devel-linux-x86_64-fedora-clang | 0.1.0 | 62.43 | NOTE | |||
r-devel-linux-x86_64-fedora-gcc | 0.1.0 | 54.53 | NOTE | |||
r-devel-macos-arm64 | 0.1.0 | 21.00 | OK | |||
r-devel-macos-x86_64 | 0.1.0 | 36.00 | NOTE | |||
r-devel-windows-x86_64 | 0.1.0 | 5.00 | 52.00 | 57.00 | NOTE | |
r-patched-linux-x86_64 | 0.1.0 | 3.59 | 30.27 | 33.86 | OK | |
r-release-linux-x86_64 | 0.1.0 | 3.52 | 30.30 | 33.82 | OK | |
r-release-macos-arm64 | 0.1.0 | 22.00 | OK | |||
r-release-macos-x86_64 | 0.1.0 | 45.00 | OK | |||
r-release-windows-x86_64 | 0.1.0 | 4.00 | 52.00 | 56.00 | OK | |
r-oldrel-macos-arm64 | 0.1.0 | 30.00 | OK | |||
r-oldrel-macos-x86_64 | 0.1.0 | 40.00 | OK | |||
r-oldrel-windows-x86_64 | 0.1.0 | 6.00 | 65.00 | 71.00 | OK |
Version: 0.1.0
Check: DESCRIPTION meta-information
Result: NOTE
Missing dependency on R >= 4.1.0 because package code uses the pipe
|> or function shorthand \(...) syntax added in R 4.1.0.
File(s) using such syntax:
‘compute_cluster_composition.R’ ‘extract_ids_vector.R’
‘perform_clustering.R’
Flavors: r-devel-linux-x86_64-debian-clang, r-devel-linux-x86_64-debian-gcc, r-devel-linux-x86_64-fedora-clang, r-devel-linux-x86_64-fedora-gcc, r-devel-macos-x86_64, r-devel-windows-x86_64
These binaries (installable software) and packages are in development.
They may not be fully stable and should be used with caution. We make no claims about them.