Last updated on 2025-10-09 21:50:13 CEST.
Flavor | Version | Tinstall | Tcheck | Ttotal | Status | Flags |
---|---|---|---|---|---|---|
r-devel-linux-x86_64-debian-clang | 0.11.1 | 199.62 | 31.13 | 230.75 | OK | |
r-devel-linux-x86_64-debian-gcc | 0.11.1 | 159.63 | 24.84 | 184.47 | OK | |
r-devel-linux-x86_64-fedora-clang | 0.11.1 | 346.86 | OK | |||
r-devel-linux-x86_64-fedora-gcc | 0.11.1 | 373.70 | OK | |||
r-devel-windows-x86_64 | 0.11.1 | 326.00 | 80.00 | 406.00 | OK | |
r-patched-linux-x86_64 | 0.11.1 | 200.55 | 29.72 | 230.27 | OK | |
r-release-linux-x86_64 | 0.11.1 | 198.86 | 29.28 | 228.14 | OK | |
r-release-macos-arm64 | 0.11.1 | 120.00 | OK | |||
r-release-macos-x86_64 | 0.11.1 | 187.00 | OK | |||
r-release-windows-x86_64 | 0.11.1 | 312.00 | 80.00 | 392.00 | OK | |
r-oldrel-macos-arm64 | 0.11.1 | 122.00 | NOTE | |||
r-oldrel-macos-x86_64 | 0.11.1 | 164.00 | NOTE | |||
r-oldrel-windows-x86_64 | 0.11.1 | 337.00 | 105.00 | 442.00 | OK |
Version: 0.11.1
Check: installed package size
Result: NOTE
installed size is 6.6Mb
sub-directories of 1Mb or more:
libs 6.3Mb
Flavors: r-oldrel-macos-arm64, r-oldrel-macos-x86_64
These binaries (installable software) and packages are in development.
They may not be fully stable and should be used with caution. We make no claims about them.