Last updated on 2024-07-27 15:50:13 CEST.
Flavor | Version | Tinstall | Tcheck | Ttotal | Status | Flags |
---|---|---|---|---|---|---|
r-devel-linux-x86_64-debian-clang | 0.9.0 | 273.42 | 36.97 | 310.39 | OK | |
r-devel-linux-x86_64-debian-gcc | 0.9.0 | OK | ||||
r-devel-linux-x86_64-fedora-clang | 0.9.0 | 455.62 | NOTE | |||
r-devel-linux-x86_64-fedora-gcc | 0.9.0 | 467.10 | OK | |||
r-devel-windows-x86_64 | 0.9.0 | 286.00 | 76.00 | 362.00 | OK | |
r-patched-linux-x86_64 | 0.9.0 | OK | ||||
r-release-linux-x86_64 | 0.9.0 | 273.51 | 34.79 | 308.30 | OK | |
r-release-macos-arm64 | 0.9.0 | 128.00 | NOTE | |||
r-release-macos-x86_64 | 0.9.0 | 172.00 | NOTE | |||
r-release-windows-x86_64 | 0.9.0 | 307.00 | 73.00 | 380.00 | OK | |
r-oldrel-macos-arm64 | 0.9.0 | 124.00 | NOTE | |||
r-oldrel-macos-x86_64 | 0.9.0 | 175.00 | NOTE | |||
r-oldrel-windows-x86_64 | 0.9.0 | 284.00 | 83.00 | 367.00 | OK |
Version: 0.9.0
Check: installed package size
Result: NOTE
installed size is 6.4Mb
sub-directories of 1Mb or more:
libs 6.0Mb
Flavors: r-devel-linux-x86_64-fedora-clang, r-release-macos-arm64, r-release-macos-x86_64, r-oldrel-macos-arm64, r-oldrel-macos-x86_64
These binaries (installable software) and packages are in development.
They may not be fully stable and should be used with caution. We make no claims about them.