Last updated on 2025-11-11 15:50:29 CET.
| Flavor | Version | Tinstall | Tcheck | Ttotal | Status | Flags |
|---|---|---|---|---|---|---|
| r-devel-linux-x86_64-debian-clang | 0.11.1 | 197.48 | 31.04 | 228.52 | OK | |
| r-devel-linux-x86_64-debian-gcc | 0.11.1 | 156.88 | 25.28 | 182.16 | OK | |
| r-devel-linux-x86_64-fedora-clang | 0.11.1 | 157.00 | 204.78 | 361.78 | OK | |
| r-devel-linux-x86_64-fedora-gcc | 0.11.1 | 185.00 | 193.56 | 378.56 | OK | |
| r-devel-windows-x86_64 | 0.11.1 | 355.00 | 78.00 | 433.00 | OK | |
| r-patched-linux-x86_64 | 0.11.1 | 194.68 | 29.56 | 224.24 | OK | |
| r-release-linux-x86_64 | 0.11.1 | 196.13 | 29.10 | 225.23 | OK | |
| r-release-macos-arm64 | 0.11.1 | 65.00 | 55.00 | 120.00 | OK | |
| r-release-macos-x86_64 | 0.11.1 | 92.00 | 95.00 | 187.00 | OK | |
| r-release-windows-x86_64 | 0.11.1 | 334.00 | 78.00 | 412.00 | OK | |
| r-oldrel-macos-arm64 | 0.11.1 | 75.00 | 47.00 | 122.00 | NOTE | |
| r-oldrel-macos-x86_64 | 0.11.1 | 86.00 | 78.00 | 164.00 | NOTE | |
| r-oldrel-windows-x86_64 | 0.11.1 | 398.00 | 100.00 | 498.00 | OK |
Version: 0.11.1
Check: installed package size
Result: NOTE
installed size is 6.6Mb
sub-directories of 1Mb or more:
libs 6.3Mb
Flavors: r-oldrel-macos-arm64, r-oldrel-macos-x86_64
These binaries (installable software) and packages are in development.
They may not be fully stable and should be used with caution. We make no claims about them.