Last updated on 2025-10-23 17:50:44 CEST.
Flavor | Version | Tinstall | Tcheck | Ttotal | Status | Flags |
---|---|---|---|---|---|---|
r-devel-linux-x86_64-debian-clang | 7.3-23 | 3.13 | 24.54 | 27.67 | NOTE | |
r-devel-linux-x86_64-debian-gcc | 7.3-23 | 2.57 | 20.02 | 22.59 | NOTE | |
r-devel-linux-x86_64-fedora-clang | 7.3-23 | 35.21 | OK | |||
r-devel-linux-x86_64-fedora-gcc | 7.3-23 | 37.35 | OK | |||
r-devel-windows-x86_64 | 7.3-23 | 8.00 | 50.00 | 58.00 | OK | |
r-patched-linux-x86_64 | 7.3-23 | 3.66 | 22.81 | 26.47 | OK | |
r-release-linux-x86_64 | 7.3-23 | 2.90 | 22.90 | 25.80 | OK | |
r-release-macos-arm64 | 7.3-23 | 3.00 | 15.00 | 18.00 | OK | |
r-release-macos-x86_64 | 7.3-23 | 4.00 | 24.00 | 28.00 | OK | |
r-release-windows-x86_64 | 7.3-23 | 8.00 | 54.00 | 62.00 | OK | |
r-oldrel-macos-arm64 | 7.3-23 | 2.00 | 21.00 | 23.00 | OK | |
r-oldrel-macos-x86_64 | 7.3-23 | 4.00 | 41.00 | 45.00 | OK | |
r-oldrel-windows-x86_64 | 7.3-23 | 7.00 | 54.00 | 61.00 | OK |
Version: 7.3-23
Check: CRAN incoming feasibility
Result: NOTE
Maintainer: ‘Brian Ripley <Brian.Ripley@R-project.org>’
Package CITATION file contains call(s) to old-style personList() or
as.personList(). Please use c() on person objects instead.
Package CITATION file contains call(s) to old-style citEntry(). Please
use bibentry() instead.
Flavors: r-devel-linux-x86_64-debian-clang, r-devel-linux-x86_64-debian-gcc
These binaries (installable software) and packages are in development.
They may not be fully stable and should be used with caution. We make no claims about them.