Last updated on 2025-05-01 08:52:29 CEST.
Flavor | Version | Tinstall | Tcheck | Ttotal | Status | Flags |
---|---|---|---|---|---|---|
r-devel-linux-x86_64-debian-clang | 1.4.0 | 15.52 | 105.91 | 121.43 | OK | |
r-devel-linux-x86_64-debian-gcc | 1.4.0 | 10.85 | 79.61 | 90.46 | OK | |
r-devel-linux-x86_64-fedora-clang | 1.4.0 | 191.40 | NOTE | |||
r-devel-linux-x86_64-fedora-gcc | 1.4.0 | 165.32 | NOTE | |||
r-devel-windows-x86_64 | 1.4.0 | 14.00 | 114.00 | 128.00 | OK | |
r-patched-linux-x86_64 | 1.4.0 | 11.58 | 99.85 | 111.43 | OK | |
r-release-linux-x86_64 | OK | |||||
r-release-macos-arm64 | 1.4.0 | 50.00 | OK | |||
r-release-macos-x86_64 | 1.4.0 | 100.00 | OK | |||
r-release-windows-x86_64 | 1.4.0 | 16.00 | 114.00 | 130.00 | OK | |
r-oldrel-macos-arm64 | 1.4.0 | 46.00 | OK | |||
r-oldrel-macos-x86_64 | 1.4.0 | 78.00 | OK | |||
r-oldrel-windows-x86_64 | 1.4.0 | 20.00 | 134.00 | 154.00 | OK |
Version: 1.4.0
Check: dependencies in R code
Result: NOTE
Namespace in Imports field not imported from: ‘Rcpp’
All declared Imports should be used.
Flavors: r-devel-linux-x86_64-fedora-clang, r-devel-linux-x86_64-fedora-gcc
These binaries (installable software) and packages are in development.
They may not be fully stable and should be used with caution. We make no claims about them.