CRAN Package Check Results for Package classifierplots

Last updated on 2025-02-16 10:50:43 CET.

Flavor Version Tinstall Tcheck Ttotal Status Flags
r-devel-linux-x86_64-debian-clang 1.4.0 14.59 102.93 117.52 OK
r-devel-linux-x86_64-debian-gcc 1.4.0 8.33 72.27 80.60 OK
r-devel-linux-x86_64-fedora-clang 1.4.0 193.30 NOTE
r-devel-linux-x86_64-fedora-gcc 1.4.0 167.84 NOTE
r-devel-macos-arm64 1.4.0 45.00 OK
r-devel-macos-x86_64 1.4.0 100.00 OK
r-devel-windows-x86_64 1.4.0 14.00 110.00 124.00 OK
r-patched-linux-x86_64 1.4.0 12.33 93.40 105.73 OK
r-release-linux-x86_64 1.4.0 11.65 93.71 105.36 OK
r-release-macos-arm64 1.4.0 46.00 OK
r-release-macos-x86_64 1.4.0 78.00 OK
r-release-windows-x86_64 1.4.0 14.00 103.00 117.00 OK
r-oldrel-macos-arm64 1.4.0 59.00 OK
r-oldrel-macos-x86_64 1.4.0 93.00 OK
r-oldrel-windows-x86_64 1.4.0 20.00 151.00 171.00 OK

Check Details

Version: 1.4.0
Check: dependencies in R code
Result: NOTE Namespace in Imports field not imported from: ‘Rcpp’ All declared Imports should be used. Flavors: r-devel-linux-x86_64-fedora-clang, r-devel-linux-x86_64-fedora-gcc

These binaries (installable software) and packages are in development.
They may not be fully stable and should be used with caution. We make no claims about them.