Last updated on 2024-07-27 15:50:13 CEST.
Flavor | Version | Tinstall | Tcheck | Ttotal | Status | Flags |
---|---|---|---|---|---|---|
r-devel-linux-x86_64-debian-clang | 0.4.1 | 2.49 | 31.93 | 34.42 | OK | |
r-devel-linux-x86_64-debian-gcc | 0.4.1 | NOTE | ||||
r-devel-linux-x86_64-fedora-clang | 0.4.1 | 43.21 | NOTE | |||
r-devel-linux-x86_64-fedora-gcc | 0.4.1 | 40.05 | OK | |||
r-devel-windows-x86_64 | 0.4.1 | 3.00 | 44.00 | 47.00 | NOTE | |
r-patched-linux-x86_64 | 0.4.1 | OK | ||||
r-release-linux-x86_64 | 0.4.1 | 2.41 | 30.67 | 33.08 | OK | |
r-release-macos-arm64 | 0.4.1 | 19.00 | OK | |||
r-release-macos-x86_64 | 0.4.1 | 26.00 | OK | |||
r-release-windows-x86_64 | 0.4.1 | 3.00 | 45.00 | 48.00 | OK | |
r-oldrel-macos-arm64 | 0.4.1 | 18.00 | OK | |||
r-oldrel-macos-x86_64 | 0.4.1 | 23.00 | OK | |||
r-oldrel-windows-x86_64 | 0.4.1 | 3.00 | 47.00 | 50.00 | OK |
Version: 0.4.1
Check: Rd cross-references
Result: NOTE
Found the following Rd file(s) with Rd \link{} targets missing package
anchors:
generate_classification_data.Rd: knn
Please provide package anchors for all Rd \link{} targets not in the
package itself and the base packages.
Flavors: r-devel-linux-x86_64-debian-gcc, r-devel-windows-x86_64
Version: 0.4.1
Check: Rd cross-references
Result: NOTE
Undeclared package ‘reshape’ in Rd xrefs
Flavor: r-devel-linux-x86_64-fedora-clang
These binaries (installable software) and packages are in development.
They may not be fully stable and should be used with caution. We make no claims about them.