Last updated on 2025-02-23 01:51:36 CET.
Flavor | Version | Tinstall | Tcheck | Ttotal | Status | Flags |
---|---|---|---|---|---|---|
r-devel-linux-x86_64-debian-clang | 1.0.0 | 2.74 | 106.70 | 109.44 | NOTE | |
r-devel-linux-x86_64-debian-gcc | 1.0.0 | 2.02 | 76.31 | 78.33 | NOTE | |
r-devel-linux-x86_64-fedora-clang | 1.0.0 | 160.37 | NOTE | |||
r-devel-linux-x86_64-fedora-gcc | 1.0.0 | 167.99 | NOTE | |||
r-devel-macos-arm64 | 1.0.0 | 51.00 | OK | |||
r-devel-macos-x86_64 | 1.0.0 | 103.00 | NOTE | |||
r-devel-windows-x86_64 | 1.0.0 | 5.00 | 103.00 | 108.00 | NOTE | |
r-patched-linux-x86_64 | 1.0.0 | 2.59 | 103.52 | 106.11 | OK | |
r-release-linux-x86_64 | 1.0.0 | 2.71 | 101.58 | 104.29 | OK | |
r-release-macos-arm64 | 1.0.0 | 52.00 | OK | |||
r-release-macos-x86_64 | 1.0.0 | 146.00 | OK | |||
r-release-windows-x86_64 | 1.0.0 | 6.00 | 101.00 | 107.00 | OK | |
r-oldrel-macos-arm64 | 1.0.0 | 51.00 | OK | |||
r-oldrel-macos-x86_64 | 1.0.0 | 132.00 | OK | |||
r-oldrel-windows-x86_64 | 1.0.0 | 6.00 | 121.00 | 127.00 | OK |
Version: 1.0.0
Check: DESCRIPTION meta-information
Result: NOTE
Missing dependency on R >= 4.1.0 because package code uses the pipe
|> or function shorthand \(...) syntax added in R 4.1.0.
File(s) using such syntax:
‘clc.R’ ‘clc_category.R’ ‘clc_raster.R’
Flavors: r-devel-linux-x86_64-debian-clang, r-devel-linux-x86_64-debian-gcc, r-devel-linux-x86_64-fedora-clang, r-devel-linux-x86_64-fedora-gcc, r-devel-macos-x86_64, r-devel-windows-x86_64
These binaries (installable software) and packages are in development.
They may not be fully stable and should be used with caution. We make no claims about them.