CRAN Package Check Results for Package cld3

Last updated on 2025-07-25 01:49:23 CEST.

Flavor Version Tinstall Tcheck Ttotal Status Flags
r-devel-linux-x86_64-debian-clang 1.6.1 55.58 22.56 78.14 OK
r-devel-linux-x86_64-debian-gcc 1.6.1 37.48 19.20 56.68 OK
r-devel-linux-x86_64-fedora-clang 1.6.1 175.56 OK
r-devel-linux-x86_64-fedora-gcc 1.6.1 135.90 OK
r-devel-windows-x86_64 1.6.1 69.00 76.00 145.00 OK
r-patched-linux-x86_64 1.6.1 52.49 22.14 74.63 OK
r-release-linux-x86_64 1.6.1 52.46 21.77 74.23 OK
r-release-macos-arm64 1.6.1 41.00 OK
r-release-macos-x86_64 1.6.1 67.00 OK
r-release-windows-x86_64 1.6.1 69.00 69.00 138.00 OK
r-oldrel-macos-arm64 1.6.1 39.00 NOTE
r-oldrel-macos-x86_64 1.6.1 56.00 NOTE
r-oldrel-windows-x86_64 1.6.1 67.00 82.00 149.00 OK

Check Details

Version: 1.6.1
Check: installed package size
Result: NOTE installed size is 9.4Mb sub-directories of 1Mb or more: libs 9.3Mb Flavors: r-oldrel-macos-arm64, r-oldrel-macos-x86_64

These binaries (installable software) and packages are in development.
They may not be fully stable and should be used with caution. We make no claims about them.