Last updated on 2025-11-12 19:51:43 CET.
| Flavor | Version | Tinstall | Tcheck | Ttotal | Status | Flags |
|---|---|---|---|---|---|---|
| r-devel-linux-x86_64-debian-clang | 1.6.1 | 52.48 | 23.98 | 76.46 | OK | |
| r-devel-linux-x86_64-debian-gcc | 1.6.1 | 35.24 | 19.81 | 55.05 | OK | |
| r-devel-linux-x86_64-fedora-clang | 1.6.1 | 144.00 | 31.32 | 175.32 | OK | |
| r-devel-linux-x86_64-fedora-gcc | 1.6.1 | 111.00 | 23.49 | 134.49 | OK | |
| r-devel-windows-x86_64 | 1.6.1 | 70.00 | 65.00 | 135.00 | OK | |
| r-patched-linux-x86_64 | 1.6.1 | 51.19 | 23.01 | 74.20 | OK | |
| r-release-linux-x86_64 | 1.6.1 | 52.15 | 22.93 | 75.08 | OK | |
| r-release-macos-arm64 | 1.6.1 | 24.00 | 17.00 | 41.00 | OK | |
| r-release-macos-x86_64 | 1.6.1 | 32.00 | 35.00 | 67.00 | OK | |
| r-release-windows-x86_64 | 1.6.1 | 69.00 | 62.00 | 131.00 | OK | |
| r-oldrel-macos-arm64 | 1.6.1 | 19.00 | 20.00 | 39.00 | NOTE | |
| r-oldrel-macos-x86_64 | 1.6.1 | 25.00 | 31.00 | 56.00 | NOTE | |
| r-oldrel-windows-x86_64 | 1.6.1 | 71.00 | 80.00 | 151.00 | OK |
Version: 1.6.1
Check: installed package size
Result: NOTE
installed size is 9.4Mb
sub-directories of 1Mb or more:
libs 9.3Mb
Flavors: r-oldrel-macos-arm64, r-oldrel-macos-x86_64
These binaries (installable software) and packages are in development.
They may not be fully stable and should be used with caution. We make no claims about them.