CRAN Package Check Results for Package clda

Last updated on 2025-05-01 14:49:06 CEST.

Flavor Version Tinstall Tcheck Ttotal Status Flags
r-devel-linux-x86_64-debian-clang 0.1 1.42 17.03 18.45 OK
r-devel-linux-x86_64-debian-gcc 0.1 1.37 14.04 15.41 OK
r-devel-linux-x86_64-fedora-clang 0.1 30.73 OK
r-devel-linux-x86_64-fedora-gcc 0.1 27.70 OK
r-devel-windows-x86_64 0.1 2.00 40.00 42.00 OK
r-patched-linux-x86_64 0.1 1.74 16.52 18.26 OK
r-release-linux-x86_64 OK
r-release-macos-arm64 0.1 17.00 OK
r-release-macos-x86_64 0.1 37.00 OK
r-release-windows-x86_64 0.1 2.00 47.00 49.00 OK
r-oldrel-macos-arm64 0.1 18.00 NOTE
r-oldrel-macos-x86_64 0.1 27.00 NOTE
r-oldrel-windows-x86_64 0.1 2.00 37.00 39.00 NOTE

Check Details

Version: 0.1
Check: LazyData
Result: NOTE 'LazyData' is specified without a 'data' directory Flavors: r-oldrel-macos-arm64, r-oldrel-macos-x86_64, r-oldrel-windows-x86_64

These binaries (installable software) and packages are in development.
They may not be fully stable and should be used with caution. We make no claims about them.