CRAN Package Check Results for Package clda

Last updated on 2025-07-10 11:50:50 CEST.

Flavor Version Tinstall Tcheck Ttotal Status Flags
r-devel-linux-x86_64-debian-clang 0.1 1.63 17.47 19.10 OK
r-devel-linux-x86_64-debian-gcc 0.1 1.39 14.78 16.17 OK
r-devel-linux-x86_64-fedora-clang 0.1 29.48 OK
r-devel-linux-x86_64-fedora-gcc 0.1 28.65 OK
r-devel-windows-x86_64 0.1 2.00 37.00 39.00 OK
r-patched-linux-x86_64 0.1 1.78 16.67 18.45 OK
r-release-linux-x86_64 0.1 1.72 16.60 18.32 OK
r-release-macos-arm64 0.1 17.00 OK
r-release-macos-x86_64 0.1 37.00 OK
r-release-windows-x86_64 0.1 4.00 40.00 44.00 OK
r-oldrel-macos-arm64 0.1 18.00 NOTE
r-oldrel-macos-x86_64 0.1 27.00 NOTE
r-oldrel-windows-x86_64 0.1 2.00 42.00 44.00 NOTE

Check Details

Version: 0.1
Check: LazyData
Result: NOTE 'LazyData' is specified without a 'data' directory Flavors: r-oldrel-macos-arm64, r-oldrel-macos-x86_64, r-oldrel-windows-x86_64

These binaries (installable software) and packages are in development.
They may not be fully stable and should be used with caution. We make no claims about them.