CRAN Package Check Results for Package clean

Last updated on 2025-02-16 10:50:43 CET.

Flavor Version Tinstall Tcheck Ttotal Status Flags
r-devel-linux-x86_64-debian-clang 2.0.0 3.13 21.02 24.15 OK
r-devel-linux-x86_64-debian-gcc 2.0.0 2.29 16.20 18.49 OK
r-devel-linux-x86_64-fedora-clang 2.0.0 41.91 OK
r-devel-linux-x86_64-fedora-gcc 2.0.0 36.20 OK
r-devel-macos-arm64 2.0.0 16.00 OK
r-devel-macos-x86_64 2.0.0 24.00 OK
r-devel-windows-x86_64 2.0.0 5.00 34.00 39.00 OK
r-patched-linux-x86_64 2.0.0 2.98 20.01 22.99 NOTE
r-release-linux-x86_64 2.0.0 2.48 19.92 22.40 NOTE
r-release-macos-arm64 2.0.0 15.00 NOTE
r-release-macos-x86_64 2.0.0 21.00 NOTE
r-release-windows-x86_64 2.0.0 4.00 35.00 39.00 NOTE
r-oldrel-macos-arm64 2.0.0 17.00 NOTE
r-oldrel-macos-x86_64 2.0.0 20.00 NOTE
r-oldrel-windows-x86_64 2.0.0 6.00 35.00 41.00 NOTE

Check Details

Version: 2.0.0
Check: LazyData
Result: NOTE 'LazyData' is specified without a 'data' directory Flavors: r-patched-linux-x86_64, r-release-linux-x86_64, r-release-macos-arm64, r-release-macos-x86_64, r-release-windows-x86_64, r-oldrel-macos-arm64, r-oldrel-macos-x86_64, r-oldrel-windows-x86_64

These binaries (installable software) and packages are in development.
They may not be fully stable and should be used with caution. We make no claims about them.