CRAN Package Check Results for Package cleandata

Last updated on 2025-02-19 16:50:43 CET.

Flavor Version Tinstall Tcheck Ttotal Status Flags
r-devel-linux-x86_64-debian-clang 0.3.0 2.03 21.00 23.03 OK
r-devel-linux-x86_64-debian-gcc 0.3.0 1.58 16.68 18.26 OK
r-devel-linux-x86_64-fedora-clang 0.3.0 37.61 OK
r-devel-linux-x86_64-fedora-gcc 0.3.0 49.62 OK
r-devel-macos-arm64 0.3.0 21.00 OK
r-devel-macos-x86_64 0.3.0 59.00 OK
r-devel-windows-x86_64 0.3.0 3.00 45.00 48.00 OK
r-patched-linux-x86_64 0.3.0 2.04 19.94 21.98 NOTE
r-release-linux-x86_64 0.3.0 1.94 20.06 22.00 NOTE
r-release-macos-arm64 0.3.0 27.00 NOTE
r-release-macos-x86_64 0.3.0 38.00 NOTE
r-release-windows-x86_64 0.3.0 3.00 3.00 6.00 FAIL
r-oldrel-macos-arm64 0.3.0 19.00 NOTE
r-oldrel-macos-x86_64 0.3.0 31.00 NOTE
r-oldrel-windows-x86_64 0.3.0 3.00 66.00 69.00 NOTE

Check Details

Version: 0.3.0
Check: LazyData
Result: NOTE 'LazyData' is specified without a 'data' directory Flavors: r-patched-linux-x86_64, r-release-linux-x86_64, r-release-macos-arm64, r-release-macos-x86_64, r-oldrel-macos-arm64, r-oldrel-macos-x86_64, r-oldrel-windows-x86_64

Version: 0.3.0
Check: package dependencies
Result: FAIL
Flavor: r-release-windows-x86_64

These binaries (installable software) and packages are in development.
They may not be fully stable and should be used with caution. We make no claims about them.