Last updated on 2025-02-07 08:51:07 CET.
Flavor | Version | Tinstall | Tcheck | Ttotal | Status | Flags |
---|---|---|---|---|---|---|
r-devel-linux-x86_64-debian-clang | 1.0.2 | 5.24 | 97.30 | 102.54 | NOTE | |
r-devel-linux-x86_64-debian-gcc | 1.0.2 | 3.89 | 68.21 | 72.10 | NOTE | |
r-devel-linux-x86_64-fedora-clang | 1.0.2 | 174.17 | NOTE | |||
r-devel-linux-x86_64-fedora-gcc | 1.0.2 | 221.94 | NOTE | |||
r-devel-windows-x86_64 | 1.0.2 | 6.00 | 133.00 | 139.00 | NOTE | |
r-patched-linux-x86_64 | 1.0.2 | 5.23 | 91.25 | 96.48 | OK | |
r-release-linux-x86_64 | 1.0.2 | 5.64 | 92.13 | 97.77 | OK | |
r-release-macos-arm64 | 1.0.2 | 121.00 | OK | |||
r-release-macos-x86_64 | 1.0.2 | 305.00 | OK | |||
r-release-windows-x86_64 | 1.0.2 | 7.00 | 130.00 | 137.00 | OK | |
r-oldrel-macos-arm64 | 1.0.2 | 131.00 | OK | |||
r-oldrel-macos-x86_64 | 1.0.2 | 247.00 | OK | |||
r-oldrel-windows-x86_64 | 1.0.2 | 8.00 | 149.00 | 157.00 | OK |
Version: 1.0.2
Check: DESCRIPTION meta-information
Result: NOTE
Missing dependency on R >= 4.1.0 because package code uses the pipe
|> or function shorthand \(...) syntax added in R 4.1.0.
File(s) using such syntax:
‘replace_missing_values.R’
Flavors: r-devel-linux-x86_64-debian-clang, r-devel-linux-x86_64-debian-gcc, r-devel-linux-x86_64-fedora-clang, r-devel-linux-x86_64-fedora-gcc, r-devel-windows-x86_64
These binaries (installable software) and packages are in development.
They may not be fully stable and should be used with caution. We make no claims about them.