CRAN Package Check Results for Package clespr

Last updated on 2025-11-13 03:50:57 CET.

Flavor Version Tinstall Tcheck Ttotal Status Flags
r-devel-linux-x86_64-debian-clang 1.1.2 8.21 64.09 72.30 OK
r-devel-linux-x86_64-debian-gcc 1.1.2 5.61 48.49 54.10 OK
r-devel-linux-x86_64-fedora-clang 1.1.2 18.00 92.12 110.12 OK
r-devel-linux-x86_64-fedora-gcc 1.1.2 18.00 87.84 105.84 OK
r-devel-windows-x86_64 1.1.2 11.00 74.00 85.00 OK
r-patched-linux-x86_64 1.1.2 7.64 61.30 68.94 OK
r-release-linux-x86_64 1.1.2 7.49 60.75 68.24 OK
r-release-macos-arm64 1.1.2 4.00 32.00 36.00 OK
r-release-macos-x86_64 1.1.2 7.00 63.00 70.00 OK
r-release-windows-x86_64 1.1.2 11.00 72.00 83.00 OK
r-oldrel-macos-arm64 1.1.2 4.00 33.00 37.00 NOTE
r-oldrel-macos-x86_64 1.1.2 5.00 43.00 48.00 NOTE
r-oldrel-windows-x86_64 1.1.2 12.00 90.00 102.00 NOTE

Check Details

Version: 1.1.2
Check: LazyData
Result: NOTE 'LazyData' is specified without a 'data' directory Flavors: r-oldrel-macos-arm64, r-oldrel-macos-x86_64, r-oldrel-windows-x86_64

These binaries (installable software) and packages are in development.
They may not be fully stable and should be used with caution. We make no claims about them.