Last updated on 2025-02-16 10:50:43 CET.
Flavor | Version | Tinstall | Tcheck | Ttotal | Status | Flags |
---|---|---|---|---|---|---|
r-devel-linux-x86_64-debian-clang | 0.9.0 | 54.50 | 363.45 | 417.95 | NOTE | |
r-devel-linux-x86_64-debian-gcc | 0.9.0 | 37.96 | 230.99 | 268.95 | NOTE | |
r-devel-linux-x86_64-fedora-clang | 0.9.0 | 717.84 | NOTE | |||
r-devel-linux-x86_64-fedora-gcc | 0.9.0 | 646.63 | NOTE | |||
r-devel-macos-arm64 | 0.9.0 | 154.00 | NOTE | |||
r-devel-macos-x86_64 | 0.9.0 | 352.00 | NOTE | |||
r-devel-windows-x86_64 | 0.9.0 | 52.00 | 289.00 | 341.00 | NOTE | |
r-patched-linux-x86_64 | 0.9.0 | 52.47 | 336.92 | 389.39 | NOTE | |
r-release-linux-x86_64 | 0.9.0 | 49.61 | 338.72 | 388.33 | NOTE | |
r-release-macos-arm64 | 0.9.0 | 140.00 | NOTE | |||
r-release-macos-x86_64 | 0.9.0 | 243.00 | NOTE | |||
r-release-windows-x86_64 | 0.9.0 | 51.00 | 288.00 | 339.00 | NOTE | |
r-oldrel-macos-arm64 | 0.9.0 | 158.00 | NOTE | |||
r-oldrel-macos-x86_64 | 0.9.0 | 293.00 | NOTE | |||
r-oldrel-windows-x86_64 | 0.9.0 | 66.00 | 392.00 | 458.00 | NOTE |
Version: 0.9.0
Check: C++ specification
Result: NOTE
Specified C++11: please drop specification unless essential
Flavors: r-devel-linux-x86_64-debian-clang, r-devel-linux-x86_64-debian-gcc, r-devel-linux-x86_64-fedora-clang, r-devel-linux-x86_64-fedora-gcc, r-devel-macos-arm64, r-devel-macos-x86_64, r-devel-windows-x86_64, r-patched-linux-x86_64, r-release-linux-x86_64, r-release-macos-arm64, r-release-macos-x86_64, r-release-windows-x86_64, r-oldrel-macos-arm64, r-oldrel-macos-x86_64, r-oldrel-windows-x86_64
Version: 0.9.0
Check: package subdirectories
Result: NOTE
Problems with news in ‘NEWS.md’:
Cannot extract version info from the following section titles:
clhs_0.7-2
clhs_0.7-0
clhs_0.6-0
clhs_0.5-7
clhs_0.5-6
clhs_0.5-3
clhs_0.5-2
clhs_0.5-1
clhs_0.5-0
clhs_0.4-3
clhs_0.4-2
clhs_0.4-1
clhs_0.4-0
clhs_0.3-2
clhs_0.3-1
clhs_0.3-0
clhs_0.2-1
clhs_0.2-0
clhs_0.1-0
Flavors: r-devel-linux-x86_64-debian-clang, r-devel-linux-x86_64-debian-gcc, r-devel-linux-x86_64-fedora-clang, r-devel-linux-x86_64-fedora-gcc, r-devel-macos-arm64, r-devel-macos-x86_64, r-devel-windows-x86_64, r-patched-linux-x86_64, r-release-linux-x86_64, r-release-macos-arm64, r-release-macos-x86_64, r-release-windows-x86_64, r-oldrel-macos-arm64, r-oldrel-macos-x86_64, r-oldrel-windows-x86_64
Version: 0.9.0
Check: dependencies in R code
Result: NOTE
Namespace in Imports field not imported from: ‘sp’
All declared Imports should be used.
Flavors: r-devel-linux-x86_64-fedora-clang, r-devel-linux-x86_64-fedora-gcc
These binaries (installable software) and packages are in development.
They may not be fully stable and should be used with caution. We make no claims about them.