Last updated on 2025-05-01 14:49:06 CEST.
Flavor | Version | Tinstall | Tcheck | Ttotal | Status | Flags |
---|---|---|---|---|---|---|
r-devel-linux-x86_64-debian-clang | 1.3.3 | 14.29 | 110.89 | 125.18 | NOTE | |
r-devel-linux-x86_64-debian-gcc | 1.3.3 | 10.17 | 78.49 | 88.66 | NOTE | |
r-devel-linux-x86_64-fedora-clang | 1.3.3 | 206.97 | OK | |||
r-devel-linux-x86_64-fedora-gcc | 1.3.3 | 194.49 | OK | |||
r-devel-windows-x86_64 | 1.3.3 | 16.00 | 132.00 | 148.00 | NOTE | |
r-patched-linux-x86_64 | 1.3.3 | 16.21 | 105.69 | 121.90 | NOTE | |
r-release-linux-x86_64 | NOTE | |||||
r-release-macos-arm64 | 1.3.3 | 61.00 | OK | |||
r-release-macos-x86_64 | 1.3.3 | 97.00 | OK | |||
r-release-windows-x86_64 | 1.3.3 | 16.00 | 135.00 | 151.00 | NOTE | |
r-oldrel-macos-arm64 | 1.3.3 | 50.00 | OK | |||
r-oldrel-macos-x86_64 | 1.3.3 | 78.00 | OK | |||
r-oldrel-windows-x86_64 | 1.3.3 | 19.00 | 160.00 | 179.00 | OK |
Version: 1.3.3
Check: CRAN incoming feasibility
Result: NOTE
Maintainer: ‘Michael Scholz <michael.scholz@th-deg.de>’
No Authors@R field in DESCRIPTION.
Please add one, modifying
Authors@R: c(person(given = "Michael",
family = "Scholz",
role = c("aut", "cre"),
email = "michael.scholz@th-deg.de"),
person(given = "Theo",
family = "van Kraay",
role = "aut"))
as necessary.
Flavors: r-devel-linux-x86_64-debian-clang, r-devel-linux-x86_64-debian-gcc
Version: 1.3.3
Check: Rd cross-references
Result: NOTE
Found the following Rd file(s) with Rd \link{} targets missing package
anchors:
fitMarkovChain.Rd: Rsolnp
frequencies.Rd: transactions
Please provide package anchors for all Rd \link{} targets not in the
package itself and the base packages.
Flavors: r-devel-linux-x86_64-debian-clang, r-devel-linux-x86_64-debian-gcc, r-devel-windows-x86_64, r-patched-linux-x86_64, r-release-linux-x86_64, r-release-windows-x86_64
Version: 1.3.3
Check: examples
Result: NOTE
Examples with CPU (user + system) or elapsed time > 5s
user system elapsed
getConsensusClustersParallel 0.741 0.032 6.788
Flavor: r-devel-linux-x86_64-debian-clang
Version: 1.3.3
Check: examples
Result: NA
user system elapsed
getConsensusClustersParallel 0.535 0.283 5.604
OK
Flavor: r-devel-linux-x86_64-debian-gcc
These binaries (installable software) and packages are in development.
They may not be fully stable and should be used with caution. We make no claims about them.