Last updated on 2025-02-16 10:50:43 CET.
Flavor | Version | Tinstall | Tcheck | Ttotal | Status | Flags |
---|---|---|---|---|---|---|
r-devel-linux-x86_64-debian-clang | 3.2-5 | 9.42 | 84.78 | 94.20 | NOTE | |
r-devel-linux-x86_64-debian-gcc | 3.2-5 | 7.05 | 60.21 | 67.26 | NOTE | |
r-devel-linux-x86_64-fedora-clang | 3.2-5 | 157.77 | NOTE | |||
r-devel-linux-x86_64-fedora-gcc | 3.2-5 | 154.97 | NOTE | |||
r-devel-macos-arm64 | 3.2-5 | 54.00 | NOTE | |||
r-devel-macos-x86_64 | 3.2-5 | 102.00 | NOTE | |||
r-devel-windows-x86_64 | 3.2-5 | 12.00 | 101.00 | 113.00 | NOTE | |
r-patched-linux-x86_64 | 3.2-5 | 10.34 | 77.42 | 87.76 | NOTE | |
r-release-linux-x86_64 | 3.2-5 | 8.27 | 77.60 | 85.87 | NOTE | |
r-release-macos-arm64 | 3.2-5 | 48.00 | NOTE | |||
r-release-macos-x86_64 | 3.2-5 | 73.00 | NOTE | |||
r-release-windows-x86_64 | 3.2-5 | 12.00 | 99.00 | 111.00 | NOTE | |
r-oldrel-macos-arm64 | 3.2-5 | 51.00 | OK | |||
r-oldrel-macos-x86_64 | 3.2-5 | 83.00 | OK | |||
r-oldrel-windows-x86_64 | 3.2-5 | 16.00 | 135.00 | 151.00 | OK |
Version: 3.2-5
Check: Rd files
Result: NOTE
checkRd: (-1) cf_save_kml.Rd:68: Lost braces
68 | \code{\link{cf_find_station}} and code{vignette("choose-station")} for
| ^
Flavors: r-devel-linux-x86_64-debian-clang, r-devel-linux-x86_64-debian-gcc, r-devel-linux-x86_64-fedora-clang, r-devel-linux-x86_64-fedora-gcc, r-devel-macos-arm64, r-devel-macos-x86_64, r-devel-windows-x86_64, r-patched-linux-x86_64, r-release-linux-x86_64, r-release-macos-arm64, r-release-macos-x86_64, r-release-windows-x86_64
These binaries (installable software) and packages are in development.
They may not be fully stable and should be used with caution. We make no claims about them.