Last updated on 2025-10-03 03:50:34 CEST.
Flavor | Version | Tinstall | Tcheck | Ttotal | Status | Flags |
---|---|---|---|---|---|---|
r-devel-linux-x86_64-debian-clang | 0.1.4 | 21.49 | 204.66 | 226.15 | NOTE | |
r-devel-linux-x86_64-debian-gcc | 0.1.4 | 12.99 | 121.74 | 134.73 | NOTE | |
r-devel-linux-x86_64-fedora-clang | 0.1.4 | 377.13 | OK | |||
r-devel-linux-x86_64-fedora-gcc | 0.1.4 | 364.65 | OK | |||
r-devel-windows-x86_64 | 0.1.4 | 20.00 | 155.00 | 175.00 | OK | |
r-patched-linux-x86_64 | 0.1.4 | 19.81 | 192.20 | 212.01 | OK | |
r-release-linux-x86_64 | 0.1.4 | 21.27 | 190.86 | 212.13 | OK | |
r-release-macos-arm64 | 0.1.4 | 82.00 | OK | |||
r-release-macos-x86_64 | 0.1.4 | 164.00 | OK | |||
r-release-windows-x86_64 | 0.1.4 | 19.00 | 153.00 | 172.00 | OK | |
r-oldrel-macos-arm64 | 0.1.4 | 74.00 | OK | |||
r-oldrel-macos-x86_64 | 0.1.4 | 120.00 | OK | |||
r-oldrel-windows-x86_64 | 0.1.4 | 30.00 | 221.00 | 251.00 | OK |
Version: 0.1.4
Check: CRAN incoming feasibility
Result: NOTE
Maintainer: ‘Hannah Owens <hannah.owens@gmail.com>’
Package CITATION file contains call(s) to old-style citEntry(). Please
use bibentry() instead.
Flavors: r-devel-linux-x86_64-debian-clang, r-devel-linux-x86_64-debian-gcc
These binaries (installable software) and packages are in development.
They may not be fully stable and should be used with caution. We make no claims about them.