Last updated on 2025-11-13 17:50:30 CET.
| Flavor | Version | Tinstall | Tcheck | Ttotal | Status | Flags |
|---|---|---|---|---|---|---|
| r-devel-linux-x86_64-debian-clang | 0.1.4 | 22.83 | 202.92 | 225.75 | NOTE | |
| r-devel-linux-x86_64-debian-gcc | 0.1.4 | 13.08 | 122.17 | 135.25 | NOTE | |
| r-devel-linux-x86_64-fedora-clang | 0.1.4 | 44.00 | 313.51 | 357.51 | OK | |
| r-devel-linux-x86_64-fedora-gcc | 0.1.4 | 49.00 | 308.30 | 357.30 | OK | |
| r-devel-windows-x86_64 | 0.1.4 | 18.00 | 155.00 | 173.00 | OK | |
| r-patched-linux-x86_64 | 0.1.4 | 21.65 | 190.94 | 212.59 | OK | |
| r-release-linux-x86_64 | 0.1.4 | 21.01 | 190.54 | 211.55 | OK | |
| r-release-macos-arm64 | 0.1.4 | 10.00 | 72.00 | 82.00 | OK | |
| r-release-macos-x86_64 | 0.1.4 | 15.00 | 149.00 | 164.00 | OK | |
| r-release-windows-x86_64 | 0.1.4 | 16.00 | 152.00 | 168.00 | OK | |
| r-oldrel-macos-arm64 | 0.1.4 | 6.00 | 68.00 | 74.00 | OK | |
| r-oldrel-macos-x86_64 | 0.1.4 | 12.00 | 108.00 | 120.00 | OK | |
| r-oldrel-windows-x86_64 | 0.1.4 | 29.00 | 220.00 | 249.00 | OK |
Version: 0.1.4
Check: CRAN incoming feasibility
Result: NOTE
Maintainer: ‘Hannah Owens <hannah.owens@gmail.com>’
Package CITATION file contains call(s) to old-style citEntry(). Please
use bibentry() instead.
Flavors: r-devel-linux-x86_64-debian-clang, r-devel-linux-x86_64-debian-gcc
These binaries (installable software) and packages are in development.
They may not be fully stable and should be used with caution. We make no claims about them.