Last updated on 2024-07-27 15:50:13 CEST.
Flavor | Version | Tinstall | Tcheck | Ttotal | Status | Flags |
---|---|---|---|---|---|---|
r-devel-linux-x86_64-debian-clang | 0.5 | 4.16 | 46.15 | 50.31 | OK | |
r-devel-linux-x86_64-debian-gcc | 0.5 | OK | ||||
r-devel-linux-x86_64-fedora-clang | 0.5 | 64.51 | NOTE | |||
r-devel-linux-x86_64-fedora-gcc | 0.5 | 72.89 | OK | |||
r-devel-windows-x86_64 | 0.5 | 6.00 | 56.00 | 62.00 | NOTE | |
r-patched-linux-x86_64 | 0.5 | OK | ||||
r-release-linux-x86_64 | 0.5 | 3.21 | 44.61 | 47.82 | OK | |
r-release-macos-arm64 | 0.5 | 30.00 | NOTE | |||
r-release-macos-x86_64 | 0.5 | 45.00 | NOTE | |||
r-release-windows-x86_64 | 0.5 | 6.00 | 58.00 | 64.00 | NOTE | |
r-oldrel-macos-arm64 | 0.5 | 37.00 | NOTE | |||
r-oldrel-macos-x86_64 | 0.5 | 42.00 | NOTE | |||
r-oldrel-windows-x86_64 | 0.5 | 9.00 | 62.00 | 71.00 | NOTE |
Version: 0.5
Check: installed package size
Result: NOTE
installed size is 5.6Mb
sub-directories of 1Mb or more:
data 3.4Mb
doc 1.9Mb
Flavors: r-devel-linux-x86_64-fedora-clang, r-devel-windows-x86_64, r-release-macos-arm64, r-release-macos-x86_64, r-release-windows-x86_64, r-oldrel-macos-arm64, r-oldrel-macos-x86_64, r-oldrel-windows-x86_64
These binaries (installable software) and packages are in development.
They may not be fully stable and should be used with caution. We make no claims about them.