Last updated on 2025-05-01 12:49:24 CEST.
Flavor | Version | Tinstall | Tcheck | Ttotal | Status | Flags |
---|---|---|---|---|---|---|
r-devel-linux-x86_64-debian-clang | 1.2.3 | 20.68 | 276.63 | 297.31 | NOTE | |
r-devel-linux-x86_64-debian-gcc | 1.2.3 | 13.48 | 221.49 | 234.97 | NOTE | |
r-devel-linux-x86_64-fedora-clang | 1.2.3 | 491.31 | OK | |||
r-devel-linux-x86_64-fedora-gcc | 1.2.3 | 500.46 | OK | |||
r-devel-windows-x86_64 | 1.2.3 | 20.00 | 311.00 | 331.00 | OK | |
r-patched-linux-x86_64 | 1.2.3 | 18.27 | 290.49 | 308.76 | OK | |
r-release-linux-x86_64 | OK | |||||
r-release-macos-arm64 | 1.2.3 | 178.00 | OK | |||
r-release-macos-x86_64 | 1.2.3 | 291.00 | OK | |||
r-release-windows-x86_64 | 1.2.3 | 22.00 | 313.00 | 335.00 | OK | |
r-oldrel-macos-arm64 | 1.2.3 | 163.00 | OK | |||
r-oldrel-macos-x86_64 | 1.2.3 | 219.00 | OK | |||
r-oldrel-windows-x86_64 | 1.2.3 | 26.00 | 450.00 | 476.00 | ERROR |
Version: 1.2.3
Check: CRAN incoming feasibility
Result: NOTE
Maintainer: ‘Liam D. Bailey <liam.bailey@liamdbailey.com>’
No Authors@R field in DESCRIPTION.
Please add one, modifying
Authors@R: c(person(given = c("Liam", "D."),
family = "Bailey",
role = c("aut", "cre"),
email = "liam.bailey@liamdbailey.com"),
person(given = "Martijn",
family = "van de Pol",
role = "aut"))
as necessary.
Flavors: r-devel-linux-x86_64-debian-clang, r-devel-linux-x86_64-debian-gcc
Version: 1.2.3
Check: tests
Result: ERROR
Running 'testthat.R' [237s]
Running the tests in 'tests/testthat.R' failed.
Complete output:
> library(testthat)
> library(climwin)
Loading required package: ggplot2
Loading required package: gridExtra
Loading required package: Matrix
>
> test_check("climwin")
|
| | 0%
|
|||||||||||||||||||||||| | 33%
|
|||||||||||||||||||||||||||||||||||||||||||||||||||||||||||||||||||||||| 100%
|
| | 0%
|
|||||||||||||||||||||||| | 33%
|
|||||||||||||||||||||||||||||||||||||||||||||||||||||||||||||||||||||||| 100%
|
| | 0%
|
|||||||||||||||||||||||| | 33%
|
|||||||||||||||||||||||||||||||||||||||||||||||||||||||||||||||||||||||| 100%
|
| | 0%
|
|||||||||||||||||||||||| | 33%
|
|||||||||||||||||||||||||||||||||||||||||||||||||||||||||||||||||||||||| 100%
|
| | 0%
|
|||||||||||||||||||||||| | 33%
|
|||||||||||||||||||||||||||||||||||||||||||||||||||||||||||||||||||||||| 100%
|
| | 0%
|
|||||||||||||||||||||||| | 33%
|
|||||||||||||||||||||||||||||||||||||||||||||||||||||||||||||||||||||||| 100%
|
| | 0%
|
|||||||||||||||||||||||| | 33%
|
|||||||||||||||||||||||||||||||||||||||||||||||||||||||||||||||||||||||| 100%
|
| | 0%
|
|||||||||||||||||||||||| | 33%
|
|||||||||||||||||||||||||||||||||||||||||||||||||||||||||||||||||||||||| 100%
|
| | 0%
|
|||||||||||||||||||||||| | 33%
|
|||||||||||||||||||||||||||||||||||||||||||||||||||||||||||||||||||||||| 100%
|
| | 0%
|
|||||||||||||||||||||||| | 33%
|
|||||||||||||||||||||||||||||||||||||||||||||||||||||||||||||||||||||||| 100%
|
| | 0%
|
|||||||||||||||||||||||| | 33%
|
|||||||||||||||||||||||||||||||||||||||||||||||||||||||||||||||||||||||| 100%
|
| | 0%
|
|||||||||||||||||||||||| | 33%
|
|||||||||||||||||||||||||||||||||||||||||||||||||||||||||||||||||||||||| 100%
|
| | 0%
|
|||||||||||||||||||||||| | 33%
|
|||||||||||||||||||||||||||||||||||||||||||||||||||||||||||||||||||||||| 100%
|
| | 0%
|
|||||||||||||||||||||||| | 33%
|
|||||||||||||||||||||||||||||||||||||||||||||||||||||||||||||||||||||||| 100%
|
| | 0%
|
|||||||||||||||||||||||| | 33%
|
|||||||||||||||||||||||||||||||||||||||||||||||||||||||||||||||||||||||| 100%
|
| | 0%
|
|||||||||||||||||||||||| | 33%
|
|||||||||||||||||||||||||||||||||||||||||||||||||||||||||||||||||||||||| 100%
|
| | 0%
|
|||||||||||||||||||||||| | 33%
|
|||||||||||||||||||||||||||||||||||||||||||||||||||||||||||||||||||||||| 100%
|
| | 0%
|
|||||||||||||||||||||||| | 33%
|
|||||||||||||||||||||||||||||||||||||||||||||||||||||||||||||||||||||||| 100%
|
| | 0%
|
|||||||||||||||||||||||| | 33%
|
|||||||||||||||||||||||||||||||||||||||||||||||||||||||||||||||||||||||| 100%
|
| | 0%
|
|||||||||||||||||||||||| | 33%
|
|||||||||||||||||||||||||||||||||||||||||||||||||||||||||||||||||||||||| 100%
|
| | 0%
|
|||||||||||||||||||||||| | 33%
|
|||||||||||||||||||||||||||||||||||||||||||||||||||||||||||||||||||||||| 100%
|
| | 0%
|
|||||||||||||||||||||||| | 33%
|
|||||||||||||||||||||||||||||||||||||||||||||||||||||||||||||||||||||||| 100%
|
| | 0%
|
|||||||||||||||||||||||| | 33%
|
|||||||||||||||||||||||||||||||||||||||||||||||||||||||||||||||||||||||| 100%
|
| | 0%
|
|||||||||||||||||||||||| | 33%
|
|||||||||||||||||||||||||||||||||||||||||||||||||||||||||||||||||||||||| 100%
|
| | 0%
|
|||||||||||||||||||||||| | 33%
|
|||||||||||||||||||||||||||||||||||||||||||||||||||||||||||||||||||||||| 100%
|
| | 0%
|
|||||||||||||||||||||||| | 33%
|
|||||||||||||||||||||||||||||||||||||||||||||||||||||||||||||||||||||||| 100%
|
| | 0%
|
|||||||||||||||||||||||| | 33%
|
|||||||||||||||||||||||||||||||||||||||||||||||||||||||||||||||||||||||| 100%
|
| | 0%
|
|||||||||||||||||||||||| | 33%
|
|||||||||||||||||||||||||||||||||||||||||||||||||||||||||||||||||||||||| 100%
|
| | 0%
|
|||||||||||||||||||||||| | 33%
|
|||||||||||||||||||||||||||||||||||||||||||||||||||||||||||||||||||||||| 100%
|
| | 0%
|
|||||||||||||||||||||||| | 33%
|
|||||||||||||||||||||||||||||||||||||||||||||||||||||||||||||||||||||||| 100%
|
| | 0%
|
|||||||||||||||||||||||| | 33%
|
|||||||||||||||||||||||||||||||||||||||||||||||||||||||||||||||||||||||| 100%
|
| | 0%
|
|||||||||||||||||||||||| | 33%
|
|||||||||||||||||||||||||||||||||||||||||||||||||||||||||||||||||||||||| 100%
|
| | 0%
|
|||||||||||||||||||||||| | 33%
|
|||||||||||||||||||||||||||||||||||||||||||||||||||||||||||||||||||||||| 100%
|
| | 0%
|
||||||||||||| | 17%
|
|||||||||||||||||||||||||||||||||||| | 50%
|
|||||||||||||||||||||||||||||||||||||||||||||||||||||||||||||||||||||||| 100%
|
| | 0%
|
|||||||||||||||||||||||| | 33%
|
|||||||||||||||||||||||||||||||||||||||||||||||||||||||||||||||||||||||| 100%
|
| | 0%
|
|||||||||||||||||||||||| | 33%
|
|||||||||||||||||||||||||||||||||||||||||||||||||||||||||||||||||||||||| 100%
|
| | 0%
|
|||||||||||||||||||||||| | 33%
|
|||||||||||||||||||||||||||||||||||||||||||||||||||||||||||||||||||||||| 100%
|
| | 0%
|
|||||||||||||||||||||||| | 33%
|
|||||||||||||||||||||||||||||||||||||||||||||||||||||||||||||||||||||||| 100%
|
| | 0%
|
|||||||||||||||||||||||| | 33%
|
|||||||||||||||||||||||||||||||||||||||||||||||||||||||||||||||||||||||| 100%
|
| | 0%
|
|||||||||||||||||||||||| | 33%
|
|||||||||||||||||||||||||||||||||||||||||||||||||||||||||||||||||||||||| 100%
|
| | 0%
|
|||||||||||||||||||||||| | 33%
|
|||||||||||||||||||||||||||||||||||||||||||||||||||||||||||||||||||||||| 100%
|
| | 0%
|
|||||||||||||||||||||||| | 33%
|
|||||||||||||||||||||||||||||||||||||||||||||||||||||||||||||||||||||||| 100%
|
| | 0%
|
|||||||||||||||||||||||| | 33%
|
|||||||||||||||||||||||||||||||||||||||||||||||||||||||||||||||||||||||| 100%
|
| | 0%
|
|||||||||||||||||||||||| | 33%
|
|||||||||||||||||||||||||||||||||||||||||||||||||||||||||||||||||||||||| 100%
|
| | 0%
|
|||||||||||||||||||||||| | 33%
|
|||||||||||||||||||||||||||||||||||||||||||||||||||||||||||||||||||||||| 100%
|
| | 0%
|
|||||||||||||||||||||||| | 33%
|
|||||||||||||||||||||||||||||||||||||||||||||||||||||||||||||||||||||||| 100%
|
| | 0%
|
|||||||||||||||||||||||| | 33%
|
|||||||||||||||||||||||||||||||||||||||||||||||||||||||||||||||||||||||| 100%
|
| | 0%
|
|||||||||||||||||||||||| | 33%
|
|||||||||||||||||||||||||||||||||||||||||||||||||||||||||||||||||||||||| 100%
|
| | 0%
|
|||||||||||||||||||||||||||||||||||||||||||||||||||||||||||||||||||||||| 100%
|
| | 0%
|
|||||||||||||||||||||||||||||||||||||||||||||||||||||||||||||||||||||||| 100%
|
| | 0%
|
||||||||||||| | 17%
|
|||||||||||||||||||||||||||||||||||| | 50%
|
|||||||||||||||||||||||||||||||||||||||||||||||||||||||||||||||||||||||| 100%
|
| | 0%
|
||||||||||||| | 17%
|
|||||||||||||||||||||||||||||||||||| | 50%
|
|||||||||||||||||||||||||||||||||||||||||||||||||||||||||||||||||||||||| 100%
|
| | 0%
|
||||||||||||| | 17%
|
|||||||||||||||||||||||||||||||||||| | 50%
|
|||||||||||||||||||||||||||||||||||||||||||||||||||||||||||||||||||||||| 100%
|
| | 0%
|
||||||||||||| | 17%
|
|||||||||||||||||||||||||||||||||||| | 50%
|
|||||||||||||||||||||||||||||||||||||||||||||||||||||||||||||||||||||||| 100%
|
| | 0%
|
|||||||||||||||||||||||| | 33%
|
|||||||||||||||||||||||||||||||||||||||||||||||||||||||||||||||||||||||| 100%
|
| | 0%
|
|||||||||||||||||||||||| | 33%
|
|||||||||||||||||||||||||||||||||||||||||||||||||||||||||||||||||||||||| 100%
|
| | 0%
|
||||||||||||| | 17%
|
|||||||||||||||||||||||||||||||||||| | 50%
|
|||||||||||||||||||||||||||||||||||||||||||||||||||||||||||||||||||||||| 100%
|
| | 0%
|
||||||||||||| | 17%
|
|||||||||||||||||||||||||||||||||||| | 50%
|
|||||||||||||||||||||||||||||||||||||||||||||||||||||||||||||||||||||||| 100%
|
| | 0%
|
|||||||||||||||||||||||| | 33%
|
|||||||||||||||||||||||||||||||||||||||||||||||||||||||||||||||||||||||| 100%
|
| | 0%
|
|||||||||||||||||||||||| | 33%
|
|||||||||||||||||||||||||||||||||||||||||||||||||||||||||||||||||||||||| 100%
|
| | 0%
|
|||||||||||||||||||||||| | 33%
|
|||||||||||||||||||||||||||||||||||||||||||||||||||||||||||||||||||||||| 100%
|
| | 0%
|
||||||||||||| | 17%
|
|||||||||||||||||||||||||||||||||||| | 50%
|
|||||||||||||||||||||||||||||||||||||||||||||||||||||||||||||||||||||||| 100%
|
| | 0%
|
||||||||||||| | 17%
|
|||||||||||||||||||||||||||||||||||| | 50%
|
|||||||||||||||||||||||||||||||||||||||||||||||||||||||||||||||||||||||| 100%
|
| | 0%
|
||||||||||||| | 17%
|
|||||||||||||||||||||||||||||||||||| | 50%
|
|||||||||||||||||||||||||||||||||||||||||||||||||||||||||||||||||||||||| 100%
|
| | 0%
|
||||||||||||| | 17%
|
|||||||||||||||||||||||||||||||||||| | 50%
|
|||||||||||||||||||||||||||||||||||||||||||||||||||||||||||||||||||||||| 100%
|
| | 0%
|
|||||||||||||||||||||||| | 33%
|
|||||||||||||||||||||||||||||||||||||||||||||||||||||||||||||||||||||||| 100%
|
| | 0%
|
||||||||||||| | 17%
|
|||||||||||||||||||||||||||||||||||| | 50%
|
|||||||||||||||||||||||||||||||||||||||||||||||||||||||||||||||||||||||| 100%
|
| | 0%
|
||||||||||||| | 17%
|
|||||||||||||||||||||||||||||||||||| | 50%
|
|||||||||||||||||||||||||||||||||||||||||||||||||||||||||||||||||||||||| 100%
|
| | 0%
|
||||||||||||| | 17%
|
|||||||||||||||||||||||||||||||||||| | 50%
|
|||||||||||||||||||||||||||||||||||||||||||||||||||||||||||||||||||||||| 100%
|
| | 0%
|
||||||||||||| | 17%
|
|||||||||||||||||||||||||||||||||||| | 50%
|
|||||||||||||||||||||||||||||||||||||||||||||||||||||||||||||||||||||||| 100%
|
| | 0%
|
||||||||||||| | 17%
|
|||||||||||||||||||||||||||||||||||| | 50%
|
|||||||||||||||||||||||||||||||||||||||||||||||||||||||||||||||||||||||| 100%
|
| | 0%
|
||||||||||||| | 17%
|
|||||||||||||||||||||||||||||||||||| | 50%
|
|||||||||||||||||||||||||||||||||||||||||||||||||||||||||||||||||||||||| 100%
|
| | 0%
|
||||||||||||| | 17%
|
|||||||||||||||||||||||||||||||||||| | 50%
|
|||||||||||||||||||||||||||||||||||||||||||||||||||||||||||||||||||||||| 100%
|
| | 0%
|
||||||||||||| | 17%
|
|||||||||||||||||||||||||||||||||||| | 50%
|
|||||||||||||||||||||||||||||||||||||||||||||||||||||||||||||||||||||||| 100%
|
| | 0%
|
||||||||||||| | 17%
|
|||||||||||||||||||||||||||||||||||| | 50%
|
|||||||||||||||||||||||||||||||||||||||||||||||||||||||||||||||||||||||| 100%
|
| | 0%
|
||||||||||||| | 17%
|
|||||||||||||||||||||||||||||||||||| | 50%
|
|||||||||||||||||||||||||||||||||||||||||||||||||||||||||||||||||||||||| 100%
|
| | 0%
|
||||||||||||| | 17%
|
|||||||||||||||||||||||||||||||||||| | 50%
|
|||||||||||||||||||||||||||||||||||||||||||||||||||||||||||||||||||||||| 100%
|
| | 0%
|
||||||||||||| | 17%
|
|||||||||||||||||||||||||||||||||||| | 50%
|
|||||||||||||||||||||||||||||||||||||||||||||||||||||||||||||||||||||||| 100%
|
| | 0%
|
||||||||||||| | 17%
|
|||||||||||||||||||||||||||||||||||| | 50%
|
|||||||||||||||||||||||||||||||||||||||||||||||||||||||||||||||||||||||| 100%
|
| | 0%
|
||||||||||||| | 17%
|
|||||||||||||||||||||||||||||||||||| | 50%
|
|||||||||||||||||||||||||||||||||||||||||||||||||||||||||||||||||||||||| 100%
|
| | 0%
|
||||||||||||| | 17%
|
|||||||||||||||||||||||||||||||||||| | 50%
|
|||||||||||||||||||||||||||||||||||||||||||||||||||||||||||||||||||||||| 100%
|
| | 0%
|
||||||||||||| | 17%
|
|||||||||||||||||||||||||||||||||||| | 50%
|
|||||||||||||||||||||||||||||||||||||||||||||||||||||||||||||||||||||||| 100%
|
| | 0%
|
||||||||||||| | 17%
|
|||||||||||||||||||||||||||||||||||| | 50%
|
|||||||||||||||||||||||||||||||||||||||||||||||||||||||||||||||||||||||| 100%
|
| | 0%
|
||||||||||||| | 17%
|
|||||||||||||||||||||||||||||||||||| | 50%
|
|||||||||||||||||||||||||||||||||||||||||||||||||||||||||||||||||||||||| 100%
|
| | 0%
|
||||||||||||| | 17%
|
|||||||||||||||||||||||||||||||||||| | 50%
|
|||||||||||||||||||||||||||||||||||||||||||||||||||||||||||||||||||||||| 100%
|
| | 0%
|
||||||||||||| | 17%
|
|||||||||||||||||||||||||||||||||||| | 50%
|
|||||||||||||||||||||||||||||||||||||||||||||||||||||||||||||||||||||||| 100%
|
| | 0%
|
||||||||||||| | 17%
|
|||||||||||||||||||||||||||||||||||| | 50%
|
|||||||||||||||||||||||||||||||||||||||||||||||||||||||||||||||||||||||| 100%[ FAIL 1 | WARN 761 | SKIP 3 | PASS 796 ]
══ Skipped tests (3) ═══════════════════════════════════════════════════════════
• empty test (3): 'testplotall.R:6:1', 'testplotall.R:31:1',
'testplotall.R:51:1'
══ Failed tests ════════════════════════════════════════════════════════════════
── Failure ('testpvalue.R:23:3'): pvalue produces Pc metric ────────────────────
round(testpvalue, 2) == 0.96 is not TRUE
`actual`: FALSE
`expected`: TRUE
[ FAIL 1 | WARN 761 | SKIP 3 | PASS 796 ]
Error: Test failures
Execution halted
Flavor: r-oldrel-windows-x86_64
These binaries (installable software) and packages are in development.
They may not be fully stable and should be used with caution. We make no claims about them.