Last updated on 2024-07-27 15:50:13 CEST.
Flavor | Version | Tinstall | Tcheck | Ttotal | Status | Flags |
---|---|---|---|---|---|---|
r-devel-linux-x86_64-debian-clang | 2.4.1 | 35.50 | 191.23 | 226.73 | OK | |
r-devel-linux-x86_64-debian-gcc | 2.4.1 | NOTE | ||||
r-devel-linux-x86_64-fedora-clang | 2.4.1 | 299.89 | OK | |||
r-devel-linux-x86_64-fedora-gcc | 2.4.1 | 268.64 | OK | |||
r-devel-windows-x86_64 | 2.4.1 | 25.00 | 150.00 | 175.00 | NOTE | |
r-patched-linux-x86_64 | 2.4.1 | OK | ||||
r-release-linux-x86_64 | 2.4.1 | 27.20 | 184.94 | 212.14 | OK | |
r-release-macos-arm64 | 2.4.1 | 59.00 | OK | |||
r-release-macos-x86_64 | 2.4.1 | 94.00 | OK | |||
r-release-windows-x86_64 | 2.4.1 | 25.00 | 152.00 | 177.00 | OK | |
r-oldrel-macos-arm64 | 2.4.1 | 56.00 | OK | |||
r-oldrel-macos-x86_64 | 2.4.1 | 115.00 | OK | |||
r-oldrel-windows-x86_64 | 2.4.1 | 33.00 | 183.00 | 216.00 | OK |
Version: 2.4.1
Check: Rd cross-references
Result: NOTE
Found the following Rd file(s) with Rd \link{} targets missing package
anchors:
clinDR-package.Rd: DoseFinding
emaxsim.Rd: Mods
emaxsimB.Rd: Mods
fitEmaxB.Rd: rstan
Please provide package anchors for all Rd \link{} targets not in the
package itself and the base packages.
Flavors: r-devel-linux-x86_64-debian-gcc, r-devel-windows-x86_64
These binaries (installable software) and packages are in development.
They may not be fully stable and should be used with caution. We make no claims about them.