CRAN Package Check Results for Package clinDR

Last updated on 2025-05-08 04:52:01 CEST.

Flavor Version Tinstall Tcheck Ttotal Status Flags
r-devel-linux-x86_64-debian-clang 2.4.1 28.84 152.91 181.75 NOTE
r-devel-linux-x86_64-debian-gcc 2.4.1 21.57 106.00 127.57 NOTE
r-devel-linux-x86_64-fedora-clang 2.4.1 279.81 OK
r-devel-linux-x86_64-fedora-gcc 2.4.1 275.77 OK
r-devel-windows-x86_64 2.4.1 24.00 157.00 181.00 NOTE
r-patched-linux-x86_64 2.4.1 30.71 145.18 175.89 NOTE
r-release-linux-x86_64 2.4.1 27.01 144.90 171.91 NOTE
r-release-macos-arm64 2.4.1 60.00 OK
r-release-macos-x86_64 2.4.1 119.00 OK
r-release-windows-x86_64 2.4.1 24.00 156.00 180.00 NOTE
r-oldrel-macos-arm64 2.4.1 59.00 OK
r-oldrel-macos-x86_64 2.4.1 94.00 OK
r-oldrel-windows-x86_64 2.4.1 35.00 190.00 225.00 OK

Check Details

Version: 2.4.1
Check: Rd cross-references
Result: NOTE Found the following Rd file(s) with Rd \link{} targets missing package anchors: clinDR-package.Rd: DoseFinding emaxsim.Rd: Mods emaxsimB.Rd: Mods fitEmaxB.Rd: rstan Please provide package anchors for all Rd \link{} targets not in the package itself and the base packages. Flavors: r-devel-linux-x86_64-debian-clang, r-devel-linux-x86_64-debian-gcc, r-devel-windows-x86_64, r-patched-linux-x86_64, r-release-linux-x86_64, r-release-windows-x86_64

These binaries (installable software) and packages are in development.
They may not be fully stable and should be used with caution. We make no claims about them.