Last updated on 2025-10-03 01:49:40 CEST.
Flavor | Version | Tinstall | Tcheck | Ttotal | Status | Flags |
---|---|---|---|---|---|---|
r-devel-linux-x86_64-debian-clang | 1.6.2 | 13.63 | 216.58 | 230.21 | OK | |
r-devel-linux-x86_64-debian-gcc | 1.6.2 | 7.63 | 137.61 | 145.24 | OK | |
r-devel-linux-x86_64-fedora-clang | 1.6.2 | 349.08 | OK | |||
r-devel-linux-x86_64-fedora-gcc | 1.6.2 | 352.58 | OK | |||
r-devel-windows-x86_64 | 1.6.2 | 17.00 | 218.00 | 235.00 | OK | |
r-patched-linux-x86_64 | 1.6.2 | 16.64 | 200.72 | 217.36 | OK | |
r-release-linux-x86_64 | 1.6.2 | 12.13 | 203.41 | 215.54 | OK | |
r-release-macos-arm64 | 1.6.2 | 135.00 | OK | |||
r-release-macos-x86_64 | 1.6.2 | 118.00 | OK | |||
r-release-windows-x86_64 | 1.6.2 | 17.00 | 214.00 | 231.00 | OK | |
r-oldrel-macos-arm64 | 1.6.2 | 85.00 | NOTE | |||
r-oldrel-macos-x86_64 | 1.6.2 | 149.00 | NOTE | |||
r-oldrel-windows-x86_64 | 1.6.2 | 21.00 | 275.00 | 296.00 | NOTE |
Version: 1.6.2
Check: installed package size
Result: NOTE
installed size is 5.7Mb
sub-directories of 1Mb or more:
doc 4.3Mb
Flavors: r-oldrel-macos-arm64, r-oldrel-macos-x86_64, r-oldrel-windows-x86_64
These binaries (installable software) and packages are in development.
They may not be fully stable and should be used with caution. We make no claims about them.