Last updated on 2024-07-27 15:50:13 CEST.
Flavor | Version | Tinstall | Tcheck | Ttotal | Status | Flags |
---|---|---|---|---|---|---|
r-devel-linux-x86_64-debian-clang | 1.6.1 | 12.58 | 210.09 | 222.67 | OK | |
r-devel-linux-x86_64-debian-gcc | 1.6.1 | OK | ||||
r-devel-linux-x86_64-fedora-clang | 1.6.1 | 292.80 | NOTE | |||
r-devel-linux-x86_64-fedora-gcc | 1.6.1 | 273.60 | OK | |||
r-devel-windows-x86_64 | 1.6.1 | 18.00 | 178.00 | 196.00 | NOTE | |
r-patched-linux-x86_64 | 1.6.1 | OK | ||||
r-release-linux-x86_64 | 1.6.1 | 10.76 | 204.09 | 214.85 | OK | |
r-release-macos-arm64 | 1.6.1 | 82.00 | NOTE | |||
r-release-macos-x86_64 | 1.6.1 | 201.00 | NOTE | |||
r-release-windows-x86_64 | 1.6.1 | 14.00 | 179.00 | 193.00 | NOTE | |
r-oldrel-macos-arm64 | 1.6.1 | 87.00 | NOTE | |||
r-oldrel-macos-x86_64 | 1.6.1 | 178.00 | NOTE | |||
r-oldrel-windows-x86_64 | 1.6.1 | 18.00 | 215.00 | 233.00 | NOTE |
Version: 1.6.1
Check: installed package size
Result: NOTE
installed size is 5.7Mb
sub-directories of 1Mb or more:
doc 4.3Mb
Flavors: r-devel-linux-x86_64-fedora-clang, r-devel-windows-x86_64, r-release-macos-arm64, r-release-macos-x86_64, r-release-windows-x86_64, r-oldrel-macos-arm64, r-oldrel-macos-x86_64, r-oldrel-windows-x86_64
These binaries (installable software) and packages are in development.
They may not be fully stable and should be used with caution. We make no claims about them.