Last updated on 2025-02-16 12:53:31 CET.
Flavor | Version | Tinstall | Tcheck | Ttotal | Status | Flags |
---|---|---|---|---|---|---|
r-devel-linux-x86_64-debian-clang | 2.1.0 | 7.11 | 150.00 | 157.11 | NOTE | |
r-devel-linux-x86_64-debian-gcc | 2.1.0 | 3.99 | 102.33 | 106.32 | NOTE | |
r-devel-linux-x86_64-fedora-clang | 2.1.0 | 265.90 | NOTE | |||
r-devel-linux-x86_64-fedora-gcc | 2.1.0 | 272.45 | NOTE | |||
r-devel-macos-arm64 | 2.1.0 | 75.00 | OK | |||
r-devel-macos-x86_64 | 2.1.0 | 152.00 | NOTE | |||
r-devel-windows-x86_64 | 2.1.0 | 9.00 | 173.00 | 182.00 | NOTE | |
r-patched-linux-x86_64 | 2.1.0 | 7.34 | 137.55 | 144.89 | OK | |
r-release-linux-x86_64 | 2.1.0 | 6.97 | 138.75 | 145.72 | OK | |
r-release-macos-arm64 | 2.1.0 | 79.00 | OK | |||
r-release-macos-x86_64 | 2.1.0 | 151.00 | OK | |||
r-release-windows-x86_64 | 2.1.0 | 11.00 | 165.00 | 176.00 | OK | |
r-oldrel-macos-arm64 | 2.1.0 | 75.00 | OK | |||
r-oldrel-macos-x86_64 | 2.1.0 | 140.00 | OK | |||
r-oldrel-windows-x86_64 | 2.1.0 | 11.00 | 200.00 | 211.00 | OK |
Version: 2.1.0
Check: DESCRIPTION meta-information
Result: NOTE
Missing dependency on R >= 4.2.0 because package code uses the pipe
placeholder syntax added in R 4.2.0.
File(s) using such syntax:
‘calc_rci.R’
Flavors: r-devel-linux-x86_64-debian-clang, r-devel-linux-x86_64-debian-gcc, r-devel-linux-x86_64-fedora-clang, r-devel-linux-x86_64-fedora-gcc, r-devel-windows-x86_64
Version: 2.1.0
Check: DESCRIPTION meta-information
Result: NOTE
Missing dependency on R >= 4.1.0 because package code uses the pipe
|> or function shorthand \(...) syntax added in R 4.1.0.
File(s) using such syntax:
‘calc_anchor.R’ ‘calc_cutoff.R’ ‘calc_percentage.R’ ‘calc_rci.R’
‘calc_recovered.R’ ‘create_summary_table.R’ ‘cs_anchor.R’
‘cs_combined.R’ ‘cs_distribution.R’ ‘cs_get_augmented_data.R’
‘cs_get_cutoff.R’ ‘cs_get_cutoff_descriptives.R’ ‘cs_get_n.R’
‘cs_get_reliability.R’ ‘cs_percentage.R’ ‘cs_statistical.R’
‘package-utils.R’ ‘plot.R’ ‘prep_data.R’
Flavor: r-devel-macos-x86_64
These binaries (installable software) and packages are in development.
They may not be fully stable and should be used with caution. We make no claims about them.