Last updated on 2025-05-21 23:48:39 CEST.
Flavor | Version | Tinstall | Tcheck | Ttotal | Status | Flags |
---|---|---|---|---|---|---|
r-devel-linux-x86_64-debian-clang | 0.7.3 | 156.74 | 200.99 | 357.73 | OK | |
r-devel-linux-x86_64-debian-gcc | 0.7.3 | 112.39 | 135.93 | 248.32 | OK | |
r-devel-linux-x86_64-fedora-clang | 0.7.3 | 577.01 | OK | |||
r-devel-linux-x86_64-fedora-gcc | 0.7.3 | 675.33 | OK | |||
r-devel-windows-x86_64 | 0.7.3 | 167.00 | 292.00 | 459.00 | OK | |
r-patched-linux-x86_64 | 0.7.3 | 166.36 | 191.05 | 357.41 | OK | |
r-release-linux-x86_64 | 0.7.3 | 160.64 | 193.06 | 353.70 | OK | |
r-release-macos-arm64 | 0.7.3 | 223.00 | OK | |||
r-release-macos-x86_64 | 0.7.3 | 284.00 | OK | |||
r-release-windows-x86_64 | 0.7.3 | 168.00 | 296.00 | 464.00 | OK | |
r-oldrel-macos-arm64 | 0.7.3 | 179.00 | NOTE | |||
r-oldrel-macos-x86_64 | 0.7.3 | 228.00 | NOTE | |||
r-oldrel-windows-x86_64 | 0.7.3 | 196.00 | 327.00 | 523.00 | OK |
Version: 0.7.3
Check: installed package size
Result: NOTE
installed size is 18.4Mb
sub-directories of 1Mb or more:
libs 16.5Mb
Flavors: r-oldrel-macos-arm64, r-oldrel-macos-x86_64
These binaries (installable software) and packages are in development.
They may not be fully stable and should be used with caution. We make no claims about them.