Last updated on 2025-11-13 07:50:47 CET.
| Flavor | Version | Tinstall | Tcheck | Ttotal | Status | Flags |
|---|---|---|---|---|---|---|
| r-devel-linux-x86_64-debian-clang | 0.7.3 | 155.70 | 207.15 | 362.85 | OK | |
| r-devel-linux-x86_64-debian-gcc | 0.7.3 | 111.63 | 139.45 | 251.08 | OK | |
| r-devel-linux-x86_64-fedora-clang | 0.7.3 | 239.00 | 326.08 | 565.08 | OK | |
| r-devel-linux-x86_64-fedora-gcc | 0.7.3 | 296.00 | 324.26 | 620.26 | OK | |
| r-devel-windows-x86_64 | 0.7.3 | 163.00 | 270.00 | 433.00 | OK | |
| r-patched-linux-x86_64 | 0.7.3 | 166.68 | 196.64 | 363.32 | OK | |
| r-release-linux-x86_64 | 0.7.3 | 161.05 | 199.95 | 361.00 | OK | |
| r-release-macos-arm64 | 0.7.3 | 74.00 | 149.00 | 223.00 | OK | |
| r-release-macos-x86_64 | 0.7.3 | 78.00 | 206.00 | 284.00 | OK | |
| r-release-windows-x86_64 | 0.7.3 | 187.00 | 263.00 | 450.00 | OK | |
| r-oldrel-macos-arm64 | 0.7.3 | 71.00 | 108.00 | 179.00 | NOTE | |
| r-oldrel-macos-x86_64 | 0.7.3 | 63.00 | 165.00 | 228.00 | NOTE | |
| r-oldrel-windows-x86_64 | 0.7.3 | 198.00 | 342.00 | 540.00 | OK |
Version: 0.7.3
Check: installed package size
Result: NOTE
installed size is 18.4Mb
sub-directories of 1Mb or more:
libs 16.5Mb
Flavors: r-oldrel-macos-arm64, r-oldrel-macos-x86_64
These binaries (installable software) and packages are in development.
They may not be fully stable and should be used with caution. We make no claims about them.