CRAN Package Check Results for Package clogitL1

Last updated on 2025-02-16 10:50:43 CET.

Flavor Version Tinstall Tcheck Ttotal Status Flags
r-devel-linux-x86_64-debian-clang 1.5 15.94 24.34 40.28 NOTE
r-devel-linux-x86_64-debian-gcc 1.5 12.52 19.41 31.93 NOTE
r-devel-linux-x86_64-fedora-clang 1.5 77.29 NOTE
r-devel-linux-x86_64-fedora-gcc 1.5 72.53 NOTE
r-devel-macos-arm64 1.5 24.00 NOTE
r-devel-macos-x86_64 1.5 34.00 NOTE
r-devel-windows-x86_64 1.5 19.00 72.00 91.00 NOTE
r-patched-linux-x86_64 1.5 17.18 23.41 40.59 NOTE
r-release-linux-x86_64 1.5 16.73 23.34 40.07 NOTE
r-release-macos-arm64 1.5 28.00 NOTE
r-release-macos-x86_64 1.5 33.00 NOTE
r-release-windows-x86_64 1.5 20.00 71.00 91.00 NOTE
r-oldrel-macos-arm64 1.5 26.00 OK
r-oldrel-macos-x86_64 1.5 41.00 OK
r-oldrel-windows-x86_64 1.5 20.00 72.00 92.00 OK

Check Details

Version: 1.5
Check: Rd files
Result: NOTE checkRd: (-1) print.clogitL1.Rd:21: Lost braces in \itemize; meant \describe ? checkRd: (-1) print.clogitL1.Rd:22: Lost braces in \itemize; meant \describe ? checkRd: (-1) print.clogitL1.Rd:23: Lost braces in \itemize; meant \describe ? Flavors: r-devel-linux-x86_64-debian-clang, r-devel-linux-x86_64-debian-gcc, r-devel-linux-x86_64-fedora-clang, r-devel-linux-x86_64-fedora-gcc, r-devel-macos-arm64, r-devel-macos-x86_64, r-devel-windows-x86_64, r-patched-linux-x86_64, r-release-linux-x86_64, r-release-macos-arm64, r-release-macos-x86_64, r-release-windows-x86_64

Version: 1.5
Check: compiled code
Result: NOTE File ‘clogitL1/libs/clogitL1.so’: Found no calls to: ‘R_registerRoutines’, ‘R_useDynamicSymbols’ It is good practice to register native routines and to disable symbol search. See ‘Writing portable packages’ in the ‘Writing R Extensions’ manual. Flavors: r-devel-linux-x86_64-fedora-clang, r-devel-linux-x86_64-fedora-gcc

These binaries (installable software) and packages are in development.
They may not be fully stable and should be used with caution. We make no claims about them.