CRAN Package Check Results for Package clogitboost

Last updated on 2025-02-16 10:50:43 CET.

Flavor Version Tinstall Tcheck Ttotal Status Flags
r-devel-linux-x86_64-debian-clang 1.1 10.79 35.65 46.44 OK
r-devel-linux-x86_64-debian-gcc 1.1 7.56 25.36 32.92 OK
r-devel-linux-x86_64-fedora-clang 1.1 83.56 NOTE
r-devel-linux-x86_64-fedora-gcc 1.1 76.40 NOTE
r-devel-macos-arm64 1.1 25.00 OK
r-devel-macos-x86_64 1.1 45.00 OK
r-devel-windows-x86_64 1.1 12.00 85.00 97.00 OK
r-patched-linux-x86_64 1.1 8.93 32.94 41.87 OK
r-release-linux-x86_64 1.1 10.48 33.09 43.57 OK
r-release-macos-arm64 1.1 29.00 OK
r-release-macos-x86_64 1.1 36.00 OK
r-release-windows-x86_64 1.1 13.00 88.00 101.00 OK
r-oldrel-macos-arm64 1.1 26.00 OK
r-oldrel-macos-x86_64 1.1 42.00 OK
r-oldrel-windows-x86_64 1.1 16.00 90.00 106.00 OK

Check Details

Version: 1.1
Check: compiled code
Result: NOTE File ‘clogitboost/libs/clogitboost.so’: Found no calls to: ‘R_registerRoutines’, ‘R_useDynamicSymbols’ It is good practice to register native routines and to disable symbol search. See ‘Writing portable packages’ in the ‘Writing R Extensions’ manual. Flavors: r-devel-linux-x86_64-fedora-clang, r-devel-linux-x86_64-fedora-gcc

These binaries (installable software) and packages are in development.
They may not be fully stable and should be used with caution. We make no claims about them.