Last updated on 2025-05-08 04:52:01 CEST.
Flavor | Version | Tinstall | Tcheck | Ttotal | Status | Flags |
---|---|---|---|---|---|---|
r-devel-linux-x86_64-debian-clang | 0.2.3 | 115.64 | 452.34 | 567.98 | OK | |
r-devel-linux-x86_64-debian-gcc | 0.2.3 | 110.18 | 305.87 | 416.05 | OK | |
r-devel-linux-x86_64-fedora-clang | 0.2.3 | 908.20 | OK | |||
r-devel-linux-x86_64-fedora-gcc | 0.2.3 | 1000.64 | OK | |||
r-devel-windows-x86_64 | 0.2.3 | 142.00 | 454.00 | 596.00 | OK | |
r-patched-linux-x86_64 | 0.2.3 | 137.05 | 449.23 | 586.28 | OK | |
r-release-linux-x86_64 | 0.2.3 | 137.04 | 454.30 | 591.34 | OK | |
r-release-macos-arm64 | 0.2.3 | 209.00 | OK | |||
r-release-macos-x86_64 | 0.2.3 | 491.00 | OK | |||
r-release-windows-x86_64 | 0.2.3 | 141.00 | 429.00 | 570.00 | OK | |
r-oldrel-macos-arm64 | 0.2.3 | 121.00 | NOTE | |||
r-oldrel-macos-x86_64 | 0.2.3 | 242.00 | NOTE | |||
r-oldrel-windows-x86_64 | 0.2.3 | 157.00 | 584.00 | 741.00 | NOTE |
Version: 0.2.3
Check: installed package size
Result: NOTE
installed size is 38.1Mb
sub-directories of 1Mb or more:
libs 36.0Mb
Flavors: r-oldrel-macos-arm64, r-oldrel-macos-x86_64
Version: 0.2.3
Check: for GNU extensions in Makefiles
Result: NOTE
GNU make is a SystemRequirements.
Flavors: r-oldrel-macos-arm64, r-oldrel-macos-x86_64, r-oldrel-windows-x86_64
These binaries (installable software) and packages are in development.
They may not be fully stable and should be used with caution. We make no claims about them.