Last updated on 2025-11-11 15:50:29 CET.
| Flavor | Version | Tinstall | Tcheck | Ttotal | Status | Flags |
|---|---|---|---|---|---|---|
| r-devel-linux-x86_64-debian-clang | 0.2.3 | 115.98 | 474.39 | 590.37 | OK | |
| r-devel-linux-x86_64-debian-gcc | 0.2.3 | 107.90 | 311.96 | 419.86 | OK | |
| r-devel-linux-x86_64-fedora-clang | 0.2.3 | 600.00 | 435.49 | 1035.49 | OK | |
| r-devel-linux-x86_64-fedora-gcc | 0.2.3 | 315.00 | 684.90 | 999.90 | OK | |
| r-devel-windows-x86_64 | 0.2.3 | 147.00 | 444.00 | 591.00 | OK | |
| r-patched-linux-x86_64 | 0.2.3 | 146.02 | 465.31 | 611.33 | OK | |
| r-release-linux-x86_64 | 0.2.3 | 142.82 | 469.84 | 612.66 | OK | |
| r-release-macos-arm64 | 0.2.3 | 47.00 | 162.00 | 209.00 | OK | |
| r-release-macos-x86_64 | 0.2.3 | 104.00 | 387.00 | 491.00 | OK | |
| r-release-windows-x86_64 | 0.2.3 | 137.00 | 434.00 | 571.00 | OK | |
| r-oldrel-macos-arm64 | 0.2.3 | 25.00 | 96.00 | 121.00 | NOTE | |
| r-oldrel-macos-x86_64 | 0.2.3 | 48.00 | 194.00 | 242.00 | NOTE | |
| r-oldrel-windows-x86_64 | 0.2.3 | 163.00 | 597.00 | 760.00 | NOTE |
Version: 0.2.3
Check: installed package size
Result: NOTE
installed size is 38.1Mb
sub-directories of 1Mb or more:
libs 36.0Mb
Flavors: r-oldrel-macos-arm64, r-oldrel-macos-x86_64
Version: 0.2.3
Check: for GNU extensions in Makefiles
Result: NOTE
GNU make is a SystemRequirements.
Flavors: r-oldrel-macos-arm64, r-oldrel-macos-x86_64, r-oldrel-windows-x86_64
These binaries (installable software) and packages are in development.
They may not be fully stable and should be used with caution. We make no claims about them.