Last updated on 2025-10-03 07:49:36 CEST.
Flavor | Version | Tinstall | Tcheck | Ttotal | Status | Flags |
---|---|---|---|---|---|---|
r-devel-linux-x86_64-debian-clang | 0.4.0 | 7.26 | 61.88 | 69.14 | NOTE | |
r-devel-linux-x86_64-debian-gcc | 0.4.0 | 5.18 | 45.08 | 50.26 | NOTE | |
r-devel-linux-x86_64-fedora-clang | 0.4.0 | 114.90 | NOTE | |||
r-devel-linux-x86_64-fedora-gcc | 0.4.0 | 104.31 | NOTE | |||
r-devel-windows-x86_64 | 0.4.0 | 10.00 | 73.00 | 83.00 | NOTE | |
r-patched-linux-x86_64 | 0.4.0 | 7.19 | 58.18 | 65.37 | NOTE | |
r-release-linux-x86_64 | 0.4.0 | 7.93 | 58.63 | 66.56 | NOTE | |
r-release-macos-arm64 | 0.4.0 | 27.00 | NOTE | |||
r-release-macos-x86_64 | 0.4.0 | 50.00 | NOTE | |||
r-release-windows-x86_64 | 0.4.0 | 9.00 | 73.00 | 82.00 | NOTE | |
r-oldrel-macos-arm64 | 0.4.0 | 28.00 | NOTE | |||
r-oldrel-macos-x86_64 | 0.4.0 | 40.00 | NOTE | |||
r-oldrel-windows-x86_64 | 0.4.0 | 15.00 | 89.00 | 104.00 | NOTE |
Version: 0.4.0
Check: Rd files
Result: NOTE
checkRd: (-1) cb_participant_count.Rd:13: Lost braces
13 | \item{query}{A phenotype query defined using the code{\link{phenotype}} function and logic operators (see example below)}
| ^
checkRd: (-1) phenotype.Rd:10: Lost braces
10 | \item{id}{A single phenotype id. Possible phenotyoes can be explored using the code{\link{cb_search_phenotypes}} function}
| ^
Flavors: r-devel-linux-x86_64-debian-clang, r-devel-linux-x86_64-debian-gcc, r-devel-linux-x86_64-fedora-clang, r-devel-linux-x86_64-fedora-gcc, r-devel-windows-x86_64, r-patched-linux-x86_64, r-release-linux-x86_64, r-release-macos-arm64, r-release-macos-x86_64, r-release-windows-x86_64, r-oldrel-macos-arm64, r-oldrel-macos-x86_64, r-oldrel-windows-x86_64
These binaries (installable software) and packages are in development.
They may not be fully stable and should be used with caution. We make no claims about them.