Last updated on 2025-10-31 13:50:46 CET.
| Flavor | Version | Tinstall | Tcheck | Ttotal | Status | Flags | 
|---|---|---|---|---|---|---|
| r-devel-linux-x86_64-debian-clang | 0.1.2 | 5.27 | 43.95 | 49.22 | NOTE | |
| r-devel-linux-x86_64-debian-gcc | 0.1.2 | 4.12 | 32.86 | 36.98 | NOTE | |
| r-devel-linux-x86_64-fedora-clang | 0.1.2 | 14.00 | 64.23 | 78.23 | NOTE | |
| r-devel-linux-x86_64-fedora-gcc | 0.1.2 | 13.00 | 59.70 | 72.70 | NOTE | |
| r-devel-windows-x86_64 | 0.1.2 | 8.00 | 58.00 | 66.00 | NOTE | |
| r-patched-linux-x86_64 | 0.1.2 | 6.02 | 41.71 | 47.73 | NOTE | |
| r-release-linux-x86_64 | 0.1.2 | 5.90 | 42.61 | 48.51 | NOTE | |
| r-release-macos-arm64 | 0.1.2 | 3.00 | 26.00 | 29.00 | NOTE | |
| r-release-macos-x86_64 | 0.1.2 | 5.00 | 38.00 | 43.00 | NOTE | |
| r-release-windows-x86_64 | 0.1.2 | 8.00 | 58.00 | 66.00 | NOTE | |
| r-oldrel-macos-arm64 | 0.1.2 | 3.00 | 24.00 | 27.00 | NOTE | |
| r-oldrel-macos-x86_64 | 0.1.2 | 4.00 | 34.00 | 38.00 | NOTE | |
| r-oldrel-windows-x86_64 | 0.1.2 | 10.00 | 72.00 | 82.00 | NOTE | 
Version: 0.1.2
Check: CRAN incoming feasibility
Result: NOTE
  Maintainer: ‘Amandine Pierrot <amandine.m.pierrot@gmail.com>’
  
  No Authors@R field in DESCRIPTION.
  Please add one, modifying
    Authors@R: c(person(given = c("Amandine", "Pierrot", "with", "contributions", "and/or", "help", "from", "Qiwei"),
                        family = "Yao",
                        role = "aut"),
                 person(given = "Haeran",
                        family = "Cho",
                        role = "aut"),
                 person(given = "Yannig",
                        family = "Goude",
                        role = "aut"),
                 person(given = "Tony",
                        family = "Aldon.",
                        role = "aut"),
                 person(given = "Amandine",
                        family = "Pierrot",
                        role = "cre",
                        email = "amandine.m.pierrot@gmail.com"))
  as necessary.
Flavors: r-devel-linux-x86_64-debian-clang, r-devel-linux-x86_64-debian-gcc
Version: 0.1.2
Check: Rd files
Result: NOTE
  checkRd: (-1) clr.Rd:24: Lost braces
      24 | the sense that its Karhunen-Lo\`{e}ve decomposition has qx terms only.}
         |                                 ^
Flavors: r-devel-linux-x86_64-debian-clang, r-devel-linux-x86_64-debian-gcc, r-devel-linux-x86_64-fedora-clang, r-devel-linux-x86_64-fedora-gcc, r-devel-windows-x86_64, r-patched-linux-x86_64, r-release-linux-x86_64, r-release-macos-arm64, r-release-macos-x86_64, r-release-windows-x86_64, r-oldrel-macos-arm64, r-oldrel-macos-x86_64, r-oldrel-windows-x86_64
These binaries (installable software) and packages are in development.
They may not be fully stable and should be used with caution. We make no claims about them.