CRAN Package Check Results for Package clusEvol

Last updated on 2025-07-19 21:49:32 CEST.

Flavor Version Tinstall Tcheck Ttotal Status Flags
r-devel-linux-x86_64-debian-clang 1.0.0 11.22 83.07 94.29 NOTE
r-devel-linux-x86_64-debian-gcc 1.0.0 7.87 57.34 65.21 NOTE
r-devel-linux-x86_64-fedora-clang 1.0.0 142.42 OK
r-devel-linux-x86_64-fedora-gcc 1.0.0 136.74 OK
r-devel-windows-x86_64 1.0.0 12.00 86.00 98.00 NOTE
r-patched-linux-x86_64 1.0.0 10.43 77.37 87.80 NOTE
r-release-linux-x86_64 1.0.0 10.93 77.67 88.60 NOTE
r-release-macos-arm64 1.0.0 40.00 OK
r-release-macos-x86_64 1.0.0 78.00 OK
r-release-windows-x86_64 1.0.0 13.00 85.00 98.00 NOTE
r-oldrel-macos-arm64 1.0.0 40.00 OK
r-oldrel-macos-x86_64 1.0.0 61.00 OK
r-oldrel-windows-x86_64 1.0.0 16.00 111.00 127.00 OK

Check Details

Version: 1.0.0
Check: Rd cross-references
Result: NOTE Found the following Rd file(s) with Rd \link{} targets missing package anchors: plot.clusEvol.Rd: ggplot Please provide package anchors for all Rd \link{} targets not in the package itself and the base packages. Flavors: r-devel-linux-x86_64-debian-clang, r-devel-linux-x86_64-debian-gcc, r-devel-windows-x86_64, r-patched-linux-x86_64, r-release-linux-x86_64, r-release-windows-x86_64

These binaries (installable software) and packages are in development.
They may not be fully stable and should be used with caution. We make no claims about them.