CRAN Package Check Results for Package clusEvol

Last updated on 2025-02-16 10:50:43 CET.

Flavor Version Tinstall Tcheck Ttotal Status Flags
r-devel-linux-x86_64-debian-clang 1.0.0 11.57 76.55 88.12 NOTE
r-devel-linux-x86_64-debian-gcc 1.0.0 7.06 52.85 59.91 NOTE
r-devel-linux-x86_64-fedora-clang 1.0.0 148.32 OK
r-devel-linux-x86_64-fedora-gcc 1.0.0 127.87 OK
r-devel-macos-arm64 1.0.0 39.00 OK
r-devel-macos-x86_64 1.0.0 78.00 OK
r-devel-windows-x86_64 1.0.0 12.00 79.00 91.00 NOTE
r-patched-linux-x86_64 1.0.0 14.80 70.56 85.36 OK
r-release-linux-x86_64 1.0.0 9.88 71.30 81.18 OK
r-release-macos-arm64 1.0.0 40.00 OK
r-release-macos-x86_64 1.0.0 61.00 OK
r-release-windows-x86_64 1.0.0 15.00 82.00 97.00 OK
r-oldrel-macos-arm64 1.0.0 45.00 OK
r-oldrel-macos-x86_64 1.0.0 102.00 OK
r-oldrel-windows-x86_64 1.0.0 15.00 95.00 110.00 OK

Check Details

Version: 1.0.0
Check: Rd cross-references
Result: NOTE Found the following Rd file(s) with Rd \link{} targets missing package anchors: plot.clusEvol.Rd: ggplot Please provide package anchors for all Rd \link{} targets not in the package itself and the base packages. Flavors: r-devel-linux-x86_64-debian-clang, r-devel-linux-x86_64-debian-gcc, r-devel-windows-x86_64

These binaries (installable software) and packages are in development.
They may not be fully stable and should be used with caution. We make no claims about them.