Last updated on 2025-11-11 15:50:29 CET.
| Flavor | Version | Tinstall | Tcheck | Ttotal | Status | Flags |
|---|---|---|---|---|---|---|
| r-devel-linux-x86_64-debian-clang | 1.0 | 5.49 | 40.38 | 45.87 | NOTE | |
| r-devel-linux-x86_64-debian-gcc | 1.0 | 4.06 | 31.63 | 35.69 | NOTE | |
| r-devel-linux-x86_64-fedora-clang | 1.0 | 10.00 | 58.78 | 68.78 | OK | |
| r-devel-linux-x86_64-fedora-gcc | 1.0 | 11.00 | 56.08 | 67.08 | OK | |
| r-devel-windows-x86_64 | 1.0 | 6.00 | 57.00 | 63.00 | OK | |
| r-patched-linux-x86_64 | 1.0 | 5.66 | 38.56 | 44.22 | OK | |
| r-release-linux-x86_64 | 1.0 | 5.45 | 38.90 | 44.35 | OK | |
| r-release-macos-arm64 | 1.0 | 2.00 | 20.00 | 22.00 | OK | |
| r-release-macos-x86_64 | 1.0 | 5.00 | 37.00 | 42.00 | OK | |
| r-release-windows-x86_64 | 1.0 | 6.00 | 57.00 | 63.00 | OK | |
| r-oldrel-macos-arm64 | 1.0 | 2.00 | 24.00 | 26.00 | OK | |
| r-oldrel-macos-x86_64 | 1.0 | 5.00 | 38.00 | 43.00 | OK | |
| r-oldrel-windows-x86_64 | 1.0 | 6.00 | 64.00 | 70.00 | OK |
Version: 1.0
Check: CRAN incoming feasibility
Result: NOTE
Maintainer: ‘Muhammad Atif <muhammad96_atif@yahoo.com>’
No Authors@R field in DESCRIPTION.
Please add one, modifying
Authors@R: person(given = "Muhammad",
family = "Atif",
role = c("aut", "cre"),
email = "muhammad96_atif@yahoo.com")
as necessary.
Package CITATION file contains call(s) to old-style citEntry(). Please
use bibentry() instead.
Flavors: r-devel-linux-x86_64-debian-clang, r-devel-linux-x86_64-debian-gcc
These binaries (installable software) and packages are in development.
They may not be fully stable and should be used with caution. We make no claims about them.