Last updated on 2025-02-16 10:50:43 CET.
Flavor | Version | Tinstall | Tcheck | Ttotal | Status | Flags |
---|---|---|---|---|---|---|
r-devel-linux-x86_64-debian-clang | 1.1.0 | 3.48 | 25.44 | 28.92 | NOTE | |
r-devel-linux-x86_64-debian-gcc | 1.1.0 | 2.33 | 19.69 | 22.02 | NOTE | |
r-devel-linux-x86_64-fedora-clang | 1.1.0 | 48.30 | NOTE | |||
r-devel-linux-x86_64-fedora-gcc | 1.1.0 | 43.54 | NOTE | |||
r-devel-macos-arm64 | 1.1.0 | 19.00 | NOTE | |||
r-devel-macos-x86_64 | 1.1.0 | 34.00 | NOTE | |||
r-devel-windows-x86_64 | 1.1.0 | 7.00 | 51.00 | 58.00 | NOTE | |
r-patched-linux-x86_64 | 1.1.0 | 2.92 | 23.92 | 26.84 | NOTE | |
r-release-linux-x86_64 | 1.1.0 | 3.03 | 24.09 | 27.12 | NOTE | |
r-release-macos-arm64 | 1.1.0 | 19.00 | NOTE | |||
r-release-macos-x86_64 | 1.1.0 | 27.00 | NOTE | |||
r-release-windows-x86_64 | 1.1.0 | 8.00 | 51.00 | 59.00 | NOTE | |
r-oldrel-macos-arm64 | 1.1.0 | 19.00 | NOTE | |||
r-oldrel-macos-x86_64 | 1.1.0 | 27.00 | NOTE | |||
r-oldrel-windows-x86_64 | 1.1.0 | 8.00 | 67.00 | 75.00 | NOTE |
Version: 1.1.0
Check: package subdirectories
Result: NOTE
Problems with news in ‘NEWS.md’:
No news entries found.
Flavors: r-devel-linux-x86_64-debian-clang, r-devel-linux-x86_64-debian-gcc, r-devel-linux-x86_64-fedora-clang, r-devel-linux-x86_64-fedora-gcc, r-devel-macos-arm64, r-devel-macos-x86_64, r-devel-windows-x86_64, r-patched-linux-x86_64, r-release-linux-x86_64, r-release-macos-arm64, r-release-macos-x86_64, r-release-windows-x86_64, r-oldrel-macos-arm64, r-oldrel-macos-x86_64, r-oldrel-windows-x86_64
Version: 1.1.0
Check: LazyData
Result: NOTE
'LazyData' is specified without a 'data' directory
Flavors: r-patched-linux-x86_64, r-release-linux-x86_64, r-release-macos-arm64, r-release-macos-x86_64, r-release-windows-x86_64, r-oldrel-macos-arm64, r-oldrel-macos-x86_64, r-oldrel-windows-x86_64
These binaries (installable software) and packages are in development.
They may not be fully stable and should be used with caution. We make no claims about them.