CRAN Package Check Results for Package clustMD

Last updated on 2025-10-03 05:53:27 CEST.

Flavor Version Tinstall Tcheck Ttotal Status Flags
r-devel-linux-x86_64-debian-clang 1.2.1 7.24 66.95 74.19 NOTE
r-devel-linux-x86_64-debian-gcc 1.2.1 5.23 48.20 53.43 NOTE
r-devel-linux-x86_64-fedora-clang 1.2.1 115.98 NOTE
r-devel-linux-x86_64-fedora-gcc 1.2.1 108.47 NOTE
r-devel-windows-x86_64 1.2.1 10.00 78.00 88.00 NOTE
r-patched-linux-x86_64 1.2.1 6.16 60.85 67.01 NOTE
r-release-linux-x86_64 1.2.1 6.34 60.57 66.91 NOTE
r-release-macos-arm64 1.2.1 29.00 NOTE
r-release-macos-x86_64 1.2.1 55.00 NOTE
r-release-windows-x86_64 1.2.1 11.00 77.00 88.00 NOTE
r-oldrel-macos-arm64 1.2.1 31.00 NOTE
r-oldrel-macos-x86_64 1.2.1 42.00 NOTE
r-oldrel-windows-x86_64 1.2.1 14.00 93.00 107.00 NOTE

Check Details

Version: 1.2.1
Check: Rd files
Result: NOTE checkRd: (-1) dtmvnom.Rd:30: Escaped LaTeX specials: \& Flavors: r-devel-linux-x86_64-debian-clang, r-devel-linux-x86_64-debian-gcc, r-devel-linux-x86_64-fedora-clang, r-devel-linux-x86_64-fedora-gcc, r-devel-windows-x86_64, r-patched-linux-x86_64, r-release-linux-x86_64, r-release-macos-arm64, r-release-macos-x86_64, r-release-windows-x86_64, r-oldrel-macos-arm64, r-oldrel-macos-x86_64, r-oldrel-windows-x86_64

These binaries (installable software) and packages are in development.
They may not be fully stable and should be used with caution. We make no claims about them.