Last updated on 2025-05-01 12:49:24 CEST.
Flavor | Version | Tinstall | Tcheck | Ttotal | Status | Flags |
---|---|---|---|---|---|---|
r-devel-linux-x86_64-debian-clang | 0.4-2 | 6.84 | 335.69 | 342.53 | NOTE | |
r-devel-linux-x86_64-debian-gcc | 0.4-2 | 4.14 | 183.15 | 187.29 | NOTE | |
r-devel-linux-x86_64-fedora-clang | 0.4-2 | 566.65 | OK | |||
r-devel-linux-x86_64-fedora-gcc | 0.4-2 | 531.16 | OK | |||
r-devel-windows-x86_64 | 0.4-2 | 9.00 | 282.00 | 291.00 | OK | |
r-patched-linux-x86_64 | 0.4-2 | 7.57 | 313.08 | 320.65 | OK | |
r-release-linux-x86_64 | OK | |||||
r-release-macos-arm64 | 0.4-2 | 117.00 | OK | |||
r-release-macos-x86_64 | 0.4-2 | 261.00 | OK | |||
r-release-windows-x86_64 | 0.4-2 | 9.00 | 278.00 | 287.00 | OK | |
r-oldrel-macos-arm64 | 0.4-2 | 121.00 | OK | |||
r-oldrel-macos-x86_64 | 0.4-2 | 358.00 | OK | |||
r-oldrel-windows-x86_64 | 0.4-2 | 9.00 | 421.00 | 430.00 | OK |
Version: 0.4-2
Check: CRAN incoming feasibility
Result: NOTE
Maintainer: ‘Gero Szepannek <gero.szepannek@web.de>’
No Authors@R field in DESCRIPTION.
Please add one, modifying
Authors@R: c(person(given = "Gero",
family = "Szepannek",
role = c("aut", "cre"),
email = "gero.szepannek@web.de"),
person(given = "Rabea",
family = "Aschenbruck",
role = "aut"))
as necessary.
Flavors: r-devel-linux-x86_64-debian-clang, r-devel-linux-x86_64-debian-gcc
These binaries (installable software) and packages are in development.
They may not be fully stable and should be used with caution. We make no claims about them.