CRAN Package Check Results for Package clusterMI

Last updated on 2025-05-08 04:52:01 CEST.

Flavor Version Tinstall Tcheck Ttotal Status Flags
r-devel-linux-x86_64-debian-clang 1.5 61.02 239.65 300.67 OK
r-devel-linux-x86_64-debian-gcc 1.5 46.98 167.10 214.08 OK
r-devel-linux-x86_64-fedora-clang 1.5 514.39 OK
r-devel-linux-x86_64-fedora-gcc 1.5 519.10 OK
r-devel-windows-x86_64 1.5 72.00 237.00 309.00 OK
r-patched-linux-x86_64 1.5 62.63 221.78 284.41 OK
r-release-linux-x86_64 1.5 62.88 225.60 288.48 OK
r-release-macos-arm64 1.5 121.00 OK
r-release-macos-x86_64 1.5 147.00 OK
r-release-windows-x86_64 1.5 72.00 229.00 301.00 OK
r-oldrel-macos-arm64 1.5 121.00 NOTE
r-oldrel-macos-x86_64 1.5 146.00 NOTE
r-oldrel-windows-x86_64 1.5 90.00 300.00 390.00 OK

Check Details

Version: 1.5
Check: installed package size
Result: NOTE installed size is 5.7Mb sub-directories of 1Mb or more: doc 1.2Mb libs 4.3Mb Flavors: r-oldrel-macos-arm64, r-oldrel-macos-x86_64

These binaries (installable software) and packages are in development.
They may not be fully stable and should be used with caution. We make no claims about them.