Last updated on 2025-11-12 23:50:40 CET.
| Flavor | Version | Tinstall | Tcheck | Ttotal | Status | Flags |
|---|---|---|---|---|---|---|
| r-devel-linux-x86_64-debian-clang | 1.5 | 64.69 | 248.33 | 313.02 | OK | |
| r-devel-linux-x86_64-debian-gcc | 1.5 | 40.51 | 174.02 | 214.53 | OK | |
| r-devel-linux-x86_64-fedora-clang | 1.5 | 201.00 | 307.05 | 508.05 | OK | |
| r-devel-linux-x86_64-fedora-gcc | 1.5 | 127.00 | 352.35 | 479.35 | OK | |
| r-devel-windows-x86_64 | 1.5 | 74.00 | 239.00 | 313.00 | OK | |
| r-patched-linux-x86_64 | 1.5 | 64.13 | 231.01 | 295.14 | OK | |
| r-release-linux-x86_64 | 1.5 | 60.86 | 229.38 | 290.24 | OK | |
| r-release-macos-arm64 | 1.5 | 27.00 | 94.00 | 121.00 | OK | |
| r-release-macos-x86_64 | 1.5 | 41.00 | 106.00 | 147.00 | OK | |
| r-release-windows-x86_64 | 1.5 | 72.00 | 230.00 | 302.00 | OK | |
| r-oldrel-macos-arm64 | 1.5 | 25.00 | 96.00 | 121.00 | NOTE | |
| r-oldrel-macos-x86_64 | 1.5 | 34.00 | 112.00 | 146.00 | NOTE | |
| r-oldrel-windows-x86_64 | 1.5 | 92.00 | 309.00 | 401.00 | OK |
Version: 1.5
Check: installed package size
Result: NOTE
installed size is 5.7Mb
sub-directories of 1Mb or more:
doc 1.2Mb
libs 4.3Mb
Flavors: r-oldrel-macos-arm64, r-oldrel-macos-x86_64
These binaries (installable software) and packages are in development.
They may not be fully stable and should be used with caution. We make no claims about them.