Last updated on 2025-11-13 01:50:16 CET.
| Flavor | Version | Tinstall | Tcheck | Ttotal | Status | Flags |
|---|---|---|---|---|---|---|
| r-devel-linux-x86_64-debian-clang | 0.9 | 1.72 | 19.45 | 21.17 | NOTE | |
| r-devel-linux-x86_64-debian-gcc | 0.9 | 1.34 | 16.03 | 17.37 | NOTE | |
| r-devel-linux-x86_64-fedora-clang | 0.9 | 30.87 | OK | |||
| r-devel-linux-x86_64-fedora-gcc | 0.9 | 29.50 | OK | |||
| r-devel-windows-x86_64 | 0.9 | 2.00 | 35.00 | 37.00 | OK | |
| r-patched-linux-x86_64 | 0.9 | 1.57 | 18.46 | 20.03 | OK | |
| r-release-linux-x86_64 | 0.9 | 1.62 | 18.49 | 20.11 | OK | |
| r-release-macos-arm64 | 0.9 | 1.00 | 15.00 | 16.00 | OK | |
| r-release-macos-x86_64 | 0.9 | 2.00 | 19.00 | 21.00 | OK | |
| r-release-windows-x86_64 | 0.9 | 2.00 | 34.00 | 36.00 | OK | |
| r-oldrel-macos-arm64 | 0.9 | 1.00 | 16.00 | 17.00 | OK | |
| r-oldrel-macos-x86_64 | 0.9 | 2.00 | 20.00 | 22.00 | OK | |
| r-oldrel-windows-x86_64 | 0.9 | 3.00 | 35.00 | 38.00 | OK |
Version: 0.9
Check: CRAN incoming feasibility
Result: NOTE
Maintainer: ‘Rob Tibshirani <tibs@stanford.edu>’
No Authors@R field in DESCRIPTION.
Please add one, modifying
Authors@R: c(person(given = "Amy",
family = "Kapp",
role = "aut",
email = "Amy_Kapp@hotmail.com"),
person(given = "Rob",
family = "Tibshirani",
role = c("aut", "cre"),
email = "tibs@stanford.edu"))
as necessary.
Flavors: r-devel-linux-x86_64-debian-clang, r-devel-linux-x86_64-debian-gcc
These binaries (installable software) and packages are in development.
They may not be fully stable and should be used with caution. We make no claims about them.